{"id":844,"date":"2023-06-25T14:54:26","date_gmt":"2023-06-25T11:54:26","guid":{"rendered":"https:\/\/sambesx.com\/?page_id=844"},"modified":"2025-11-30T14:11:28","modified_gmt":"2025-11-30T11:11:28","slug":"tam-oda-set-mod-1","status":"publish","type":"page","link":"https:\/\/sambesx.com\/index.php\/tam-oda-set-mod-1\/","title":{"rendered":"TAM ODA SET MOD-1"},"content":{"rendered":"\t\t<div data-elementor-type=\"wp-page\" data-elementor-id=\"844\" class=\"elementor elementor-844\">\n\t\t\t\t\t\t<section class=\"elementor-section elementor-top-section elementor-element elementor-element-c55643b elementor-section-boxed elementor-section-height-default elementor-section-height-default\" data-id=\"c55643b\" data-element_type=\"section\" data-e-type=\"section\">\n\t\t\t\t\t\t<div class=\"elementor-container elementor-column-gap-default\">\n\t\t\t\t\t<div class=\"elementor-column elementor-col-33 elementor-top-column elementor-element elementor-element-a7ff996\" data-id=\"a7ff996\" data-element_type=\"column\" data-e-type=\"column\">\n\t\t\t<div class=\"elementor-widget-wrap elementor-element-populated\">\n\t\t\t\t\t\t<div class=\"elementor-element elementor-element-8e3fb7e elementor-widget elementor-widget-image\" data-id=\"8e3fb7e\" data-element_type=\"widget\" data-e-type=\"widget\" data-widget_type=\"image.default\">\n\t\t\t\t<div class=\"elementor-widget-container\">\n\t\t\t\t\t\t\t\t\t\t\t\t\t\t\t<img fetchpriority=\"high\" decoding=\"async\" width=\"768\" height=\"1024\" src=\"https:\/\/sambesx.com\/wp-content\/uploads\/2023\/06\/1-6-768x1024.jpeg\" class=\"attachment-large size-large wp-image-846\" alt=\"\" srcset=\"https:\/\/sambesx.com\/wp-content\/uploads\/2023\/06\/1-6-768x1024.jpeg 768w, https:\/\/sambesx.com\/wp-content\/uploads\/2023\/06\/1-6-225x300.jpeg 225w, https:\/\/sambesx.com\/wp-content\/uploads\/2023\/06\/1-6-1152x1536.jpeg 1152w, https:\/\/sambesx.com\/wp-content\/uploads\/2023\/06\/1-6.jpeg 1536w\" sizes=\"100vw\" \/>\t\t\t\t\t\t\t\t\t\t\t\t\t\t\t<\/div>\n\t\t\t\t<\/div>\n\t\t\t\t\t<\/div>\n\t\t<\/div>\n\t\t\t\t<div class=\"elementor-column elementor-col-33 elementor-top-column elementor-element elementor-element-eaf34fc\" data-id=\"eaf34fc\" data-element_type=\"column\" data-e-type=\"column\">\n\t\t\t<div class=\"elementor-widget-wrap elementor-element-populated\">\n\t\t\t\t\t\t<div class=\"elementor-element elementor-element-85bc5ff elementor-widget elementor-widget-image\" data-id=\"85bc5ff\" data-element_type=\"widget\" data-e-type=\"widget\" data-widget_type=\"image.default\">\n\t\t\t\t<div class=\"elementor-widget-container\">\n\t\t\t\t\t\t\t\t\t\t\t\t\t\t\t<img decoding=\"async\" width=\"768\" height=\"1024\" src=\"https:\/\/sambesx.com\/wp-content\/uploads\/2023\/06\/2-14-768x1024.jpeg\" class=\"attachment-large size-large wp-image-847\" alt=\"\" srcset=\"https:\/\/sambesx.com\/wp-content\/uploads\/2023\/06\/2-14-768x1024.jpeg 768w, https:\/\/sambesx.com\/wp-content\/uploads\/2023\/06\/2-14-225x300.jpeg 225w, https:\/\/sambesx.com\/wp-content\/uploads\/2023\/06\/2-14-1152x1536.jpeg 1152w, https:\/\/sambesx.com\/wp-content\/uploads\/2023\/06\/2-14.jpeg 1536w\" sizes=\"100vw\" \/>\t\t\t\t\t\t\t\t\t\t\t\t\t\t\t<\/div>\n\t\t\t\t<\/div>\n\t\t\t\t\t<\/div>\n\t\t<\/div>\n\t\t\t\t<div class=\"elementor-column elementor-col-33 elementor-top-column elementor-element elementor-element-1dd3ef5\" data-id=\"1dd3ef5\" data-element_type=\"column\" data-e-type=\"column\">\n\t\t\t<div class=\"elementor-widget-wrap elementor-element-populated\">\n\t\t\t\t\t\t<div class=\"elementor-element elementor-element-8913c27 elementor-widget elementor-widget-image\" data-id=\"8913c27\" data-element_type=\"widget\" data-e-type=\"widget\" data-widget_type=\"image.default\">\n\t\t\t\t<div class=\"elementor-widget-container\">\n\t\t\t\t\t\t\t\t\t\t\t\t\t\t\t<img decoding=\"async\" width=\"768\" height=\"1024\" src=\"https:\/\/sambesx.com\/wp-content\/uploads\/2023\/06\/3-8-768x1024.jpeg\" class=\"attachment-large size-large wp-image-848\" alt=\"\" srcset=\"https:\/\/sambesx.com\/wp-content\/uploads\/2023\/06\/3-8-768x1024.jpeg 768w, https:\/\/sambesx.com\/wp-content\/uploads\/2023\/06\/3-8-225x300.jpeg 225w, https:\/\/sambesx.com\/wp-content\/uploads\/2023\/06\/3-8-1152x1536.jpeg 1152w, https:\/\/sambesx.com\/wp-content\/uploads\/2023\/06\/3-8.jpeg 1536w\" sizes=\"100vw\" \/>\t\t\t\t\t\t\t\t\t\t\t\t\t\t\t<\/div>\n\t\t\t\t<\/div>\n\t\t\t\t\t<\/div>\n\t\t<\/div>\n\t\t\t\t\t<\/div>\n\t\t<\/section>\n\t\t\t\t<section class=\"elementor-section elementor-top-section elementor-element elementor-element-fd256ec elementor-section-boxed elementor-section-height-default elementor-section-height-default\" data-id=\"fd256ec\" data-element_type=\"section\" data-e-type=\"section\">\n\t\t\t\t\t\t<div class=\"elementor-container elementor-column-gap-default\">\n\t\t\t\t\t<div class=\"elementor-column elementor-col-33 elementor-top-column elementor-element elementor-element-2c1066a\" data-id=\"2c1066a\" data-element_type=\"column\" data-e-type=\"column\">\n\t\t\t<div class=\"elementor-widget-wrap elementor-element-populated\">\n\t\t\t\t\t\t<div class=\"elementor-element elementor-element-f9bd4f5 elementor-widget elementor-widget-image\" data-id=\"f9bd4f5\" data-element_type=\"widget\" data-e-type=\"widget\" data-widget_type=\"image.default\">\n\t\t\t\t<div class=\"elementor-widget-container\">\n\t\t\t\t\t\t\t\t\t\t\t\t\t\t\t<img loading=\"lazy\" decoding=\"async\" width=\"768\" height=\"1024\" src=\"https:\/\/sambesx.com\/wp-content\/uploads\/2023\/06\/4-6-768x1024.jpeg\" class=\"attachment-large size-large wp-image-849\" alt=\"\" srcset=\"https:\/\/sambesx.com\/wp-content\/uploads\/2023\/06\/4-6-768x1024.jpeg 768w, https:\/\/sambesx.com\/wp-content\/uploads\/2023\/06\/4-6-225x300.jpeg 225w, https:\/\/sambesx.com\/wp-content\/uploads\/2023\/06\/4-6-1152x1536.jpeg 1152w, https:\/\/sambesx.com\/wp-content\/uploads\/2023\/06\/4-6.jpeg 1536w\" sizes=\"100vw\" \/>\t\t\t\t\t\t\t\t\t\t\t\t\t\t\t<\/div>\n\t\t\t\t<\/div>\n\t\t\t\t\t<\/div>\n\t\t<\/div>\n\t\t\t\t<div class=\"elementor-column elementor-col-33 elementor-top-column elementor-element elementor-element-b84457b\" data-id=\"b84457b\" data-element_type=\"column\" data-e-type=\"column\">\n\t\t\t<div class=\"elementor-widget-wrap elementor-element-populated\">\n\t\t\t\t\t\t<div class=\"elementor-element elementor-element-99b1eaf elementor-widget elementor-widget-image\" data-id=\"99b1eaf\" data-element_type=\"widget\" data-e-type=\"widget\" data-widget_type=\"image.default\">\n\t\t\t\t<div class=\"elementor-widget-container\">\n\t\t\t\t\t\t\t\t\t\t\t\t\t\t\t<img loading=\"lazy\" decoding=\"async\" width=\"768\" height=\"1024\" src=\"https:\/\/sambesx.com\/wp-content\/uploads\/2023\/06\/5-7-768x1024.jpeg\" class=\"attachment-large size-large wp-image-850\" alt=\"\" srcset=\"https:\/\/sambesx.com\/wp-content\/uploads\/2023\/06\/5-7-768x1024.jpeg 768w, https:\/\/sambesx.com\/wp-content\/uploads\/2023\/06\/5-7-225x300.jpeg 225w, https:\/\/sambesx.com\/wp-content\/uploads\/2023\/06\/5-7-1152x1536.jpeg 1152w, https:\/\/sambesx.com\/wp-content\/uploads\/2023\/06\/5-7.jpeg 1536w\" sizes=\"100vw\" \/>\t\t\t\t\t\t\t\t\t\t\t\t\t\t\t<\/div>\n\t\t\t\t<\/div>\n\t\t\t\t\t<\/div>\n\t\t<\/div>\n\t\t\t\t<div class=\"elementor-column elementor-col-33 elementor-top-column elementor-element elementor-element-7243b90\" data-id=\"7243b90\" data-element_type=\"column\" data-e-type=\"column\">\n\t\t\t<div class=\"elementor-widget-wrap elementor-element-populated\">\n\t\t\t\t\t\t<div class=\"elementor-element elementor-element-36e698d elementor-widget elementor-widget-image\" data-id=\"36e698d\" data-element_type=\"widget\" data-e-type=\"widget\" data-widget_type=\"image.default\">\n\t\t\t\t<div class=\"elementor-widget-container\">\n\t\t\t\t\t\t\t\t\t\t\t\t\t\t\t<img loading=\"lazy\" decoding=\"async\" width=\"768\" height=\"1024\" src=\"https:\/\/sambesx.com\/wp-content\/uploads\/2023\/06\/6-5-768x1024.jpeg\" class=\"attachment-large size-large wp-image-851\" alt=\"\" srcset=\"https:\/\/sambesx.com\/wp-content\/uploads\/2023\/06\/6-5-768x1024.jpeg 768w, https:\/\/sambesx.com\/wp-content\/uploads\/2023\/06\/6-5-225x300.jpeg 225w, https:\/\/sambesx.com\/wp-content\/uploads\/2023\/06\/6-5-1152x1536.jpeg 1152w, https:\/\/sambesx.com\/wp-content\/uploads\/2023\/06\/6-5.jpeg 1536w\" sizes=\"100vw\" \/>\t\t\t\t\t\t\t\t\t\t\t\t\t\t\t<\/div>\n\t\t\t\t<\/div>\n\t\t\t\t\t<\/div>\n\t\t<\/div>\n\t\t\t\t\t<\/div>\n\t\t<\/section>\n\t\t\t\t<section class=\"elementor-section elementor-top-section elementor-element elementor-element-da033b6 elementor-section-boxed elementor-section-height-default elementor-section-height-default\" data-id=\"da033b6\" data-element_type=\"section\" data-e-type=\"section\">\n\t\t\t\t\t\t<div class=\"elementor-container elementor-column-gap-default\">\n\t\t\t\t\t<div class=\"elementor-column elementor-col-100 elementor-top-column elementor-element elementor-element-014d89a\" data-id=\"014d89a\" data-element_type=\"column\" data-e-type=\"column\">\n\t\t\t<div class=\"elementor-widget-wrap elementor-element-populated\">\n\t\t\t\t\t\t<div class=\"elementor-element elementor-element-818d7cd elementor-widget elementor-widget-image\" data-id=\"818d7cd\" data-element_type=\"widget\" data-e-type=\"widget\" data-widget_type=\"image.default\">\n\t\t\t\t<div class=\"elementor-widget-container\">\n\t\t\t\t\t\t\t\t\t\t\t\t\t\t\t<img loading=\"lazy\" decoding=\"async\" width=\"768\" height=\"1024\" src=\"https:\/\/sambesx.com\/wp-content\/uploads\/2023\/06\/7-1-768x1024.jpg\" class=\"attachment-large size-large wp-image-852\" alt=\"\" srcset=\"https:\/\/sambesx.com\/wp-content\/uploads\/2023\/06\/7-1-768x1024.jpg 768w, https:\/\/sambesx.com\/wp-content\/uploads\/2023\/06\/7-1-225x300.jpg 225w, https:\/\/sambesx.com\/wp-content\/uploads\/2023\/06\/7-1-1152x1536.jpg 1152w, https:\/\/sambesx.com\/wp-content\/uploads\/2023\/06\/7-1.jpg 1536w\" sizes=\"100vw\" \/>\t\t\t\t\t\t\t\t\t\t\t\t\t\t\t<\/div>\n\t\t\t\t<\/div>\n\t\t\t\t\t<\/div>\n\t\t<\/div>\n\t\t\t\t\t<\/div>\n\t\t<\/section>\n\t\t\t\t<section class=\"elementor-section elementor-top-section elementor-element elementor-element-7eb9096 elementor-section-boxed elementor-section-height-default elementor-section-height-default\" data-id=\"7eb9096\" data-element_type=\"section\" data-e-type=\"section\">\n\t\t\t\t\t\t<div class=\"elementor-container elementor-column-gap-default\">\n\t\t\t\t\t<div class=\"elementor-column elementor-col-100 elementor-top-column elementor-element elementor-element-ec9806a\" data-id=\"ec9806a\" data-element_type=\"column\" data-e-type=\"column\">\n\t\t\t<div class=\"elementor-widget-wrap elementor-element-populated\">\n\t\t\t\t\t\t<div class=\"elementor-element elementor-element-286a6c4 elementor-widget elementor-widget-heading\" data-id=\"286a6c4\" data-element_type=\"widget\" data-e-type=\"widget\" data-widget_type=\"heading.default\">\n\t\t\t\t<div class=\"elementor-widget-container\">\n\t\t\t\t\t<h2 class=\"elementor-heading-title elementor-size-default\">A\u00e7\u0131klama<\/h2>\t\t\t\t<\/div>\n\t\t\t\t<\/div>\n\t\t\t\t\t<\/div>\n\t\t<\/div>\n\t\t\t\t\t<\/div>\n\t\t<\/section>\n\t\t\t\t<section class=\"elementor-section elementor-top-section elementor-element elementor-element-2dc2024 elementor-section-boxed elementor-section-height-default elementor-section-height-default\" data-id=\"2dc2024\" data-element_type=\"section\" data-e-type=\"section\">\n\t\t\t\t\t\t<div class=\"elementor-container elementor-column-gap-default\">\n\t\t\t\t\t<div class=\"elementor-column elementor-col-100 elementor-top-column elementor-element elementor-element-a4d884f\" data-id=\"a4d884f\" data-element_type=\"column\" data-e-type=\"column\">\n\t\t\t<div class=\"elementor-widget-wrap elementor-element-populated\">\n\t\t\t\t\t\t<div class=\"elementor-element elementor-element-3be7260 elementor-widget elementor-widget-heading\" data-id=\"3be7260\" data-element_type=\"widget\" data-e-type=\"widget\" data-widget_type=\"heading.default\">\n\t\t\t\t<div class=\"elementor-widget-container\">\n\t\t\t\t\t<h2 class=\"elementor-heading-title elementor-size-default\">NAK\u0130T F\u0130YAT :67.400 \u20ba\n<br>TAKS\u0130TL\u0130 F\u0130YAT :79.300 \u20ba<\/h2>\t\t\t\t<\/div>\n\t\t\t\t<\/div>\n\t\t\t\t\t<\/div>\n\t\t<\/div>\n\t\t\t\t\t<\/div>\n\t\t<\/section>\n\t\t\t\t<section class=\"elementor-section elementor-top-section elementor-element elementor-element-5e43a6c elementor-section-boxed elementor-section-height-default elementor-section-height-default\" data-id=\"5e43a6c\" data-element_type=\"section\" data-e-type=\"section\">\n\t\t\t\t\t\t<div class=\"elementor-container elementor-column-gap-default\">\n\t\t\t\t\t<div class=\"elementor-column elementor-col-100 elementor-top-column elementor-element elementor-element-7e72681\" data-id=\"7e72681\" data-element_type=\"column\" data-e-type=\"column\">\n\t\t\t<div class=\"elementor-widget-wrap elementor-element-populated\">\n\t\t\t\t\t\t<div class=\"elementor-element elementor-element-73547d5 elementor-widget__width-initial elementor-widget elementor-widget-text-editor\" data-id=\"73547d5\" data-element_type=\"widget\" data-e-type=\"widget\" data-widget_type=\"text-editor.default\">\n\t\t\t\t<div class=\"elementor-widget-container\">\n\t\t\t\t\t\t\t\t\t<h5><font color=\"#1d1e20\"><span style=\"font-size: 16px;\"><u>DOLAP \u00d6ZELL\u0130KLER\u0130<\/u><\/span><\/font><\/h5>\n<h5><span style=\"color: rgb(29, 30, 32); font-size: 1rem; font-family: var( --e-global-typography-text-font-family ), Sans-serif;\">Y\u00fckseklik :210 cm<\/span><\/h5>\n<h4 style=\"font-size: 16px;\">Geni\u015flik&nbsp; &nbsp;:120 &amp; 150 cm<\/h4>\n<h4 style=\"font-size: 16px;\">Derinlik&nbsp; &nbsp;:50 cm&nbsp;<\/h4>\n<h4 style=\"font-size: 16px;\">\u00dc<u>R\u00dcN \u00d6ZELL\u0130KLER\u0130<\/u><\/h4>\n<h4 style=\"\"><span style=\"font-size: 16px;\">&nbsp;<\/span>-\u00dcr\u00fcnlerimizde&nbsp;<u style=\"font-family: var( --e-global-typography-text-font-family ), Sans-serif;\">1.S\u0131n\u0131f Mdf&nbsp;<\/u><span style=\"font-family: var( --e-global-typography-text-font-family ), Sans-serif;\">Ve kur\u015fun i\u00e7ermeyen boya kullan\u0131lm\u0131\u015ft\u0131r.<\/span><\/h4>\n<h4 style=\"font-size: 16px;\">-T\u00fcm \u00e7ekmece raylar\u0131&nbsp;<u>1.Kalite stoplu&nbsp;<\/u>raylard\u0131r.<\/h4>\n<h4 style=\"font-size: 16px;\">-T\u00fcm kapak Mente\u015feleri&nbsp;<u>1.S\u0131n\u0131f firenli<\/u>&nbsp;mente\u015fedir.<\/h4>\n<h4 style=\"font-size: 16px;\">-Led I\u015f\u0131k istek halinde&nbsp;<u>400 \u20ba<\/u>&nbsp;Fiyat fark\u0131 eklenmektedir.<\/h4>\n<h4 style=\"font-size: 16px;\">-Kapak say\u0131s\u0131&nbsp;<u>3<\/u>&nbsp;adet<\/h4>\n<h4 style=\"font-size: 16px;\">-\u00c7ekmece say\u0131s\u0131&nbsp;<u>2<\/u>&nbsp;adet&nbsp;<\/h4>\n<h4 style=\"font-size: 16px;\">-Cam raf cam \u00e7ekmece mevcuttur.&nbsp;<\/h4>\n<h4 style=\"font-size: 16px;\"><span style=\"font-family: var( --e-global-typography-text-font-family ), Sans-serif;\"><u><br><\/u><\/span><\/h4>\n<h4 style=\"font-size: 16px;\"><span style=\"font-family: var( --e-global-typography-text-font-family ), Sans-serif;\"><u>\u015e\u0130FONYER \u00d6ZELL\u0130KLER\u0130&nbsp;<\/u><\/span><\/h4>\n<h4 style=\"font-size: 16px;\"><u style=\"font-family: var( --e-global-typography-text-font-family ), Sans-serif;\">\u00dcr\u00fcn \u00d6l\u00e7\u00fcleri<\/u><br><\/h4>\n<h4 style=\"font-size: 16px;\">-120\u00d795<\/h4>\n<h4 style=\"font-size: 16px;\"><u>\u00dcr\u00fcn \u00d6zellikleri<\/u><\/h4>\n<h4 style=\"font-size: 16px;\">Y\u00fckseklik:95 cm<br>Geni\u015flik:100 cm<br>Derinlik:50 cm<br>\u00c7ekmece Say\u0131s\u0131: 5 Adet<\/h4>\n<h4 style=\"font-size: 16px;\">-\u00dcr\u00fcnlerimizde,<u>18mm&nbsp;<\/u>Kal\u0131nl\u0131\u011f\u0131nda&nbsp;<u>Mdf&nbsp;<\/u>ve Kur\u015funsuz boya kullan\u0131lm\u0131\u015ft\u0131r.<br>-\u00c7ekmece raylar\u0131 1.Kalite stoplu raylard\u0131r.&nbsp;<\/h4>\n<h4 style=\"font-size: 16px;\"><u>B\u00dcY\u00dcYEN BE\u015e\u0130K \u00d6ZELL\u0130KLER\u0130<\/u><\/h4>\n<h4 style=\"font-size: 16px;\"><u style=\"font-family: var( --e-global-typography-text-font-family ), Sans-serif;\">\u00dcr\u00fcn \u00d6l\u00e7\u00fclerimiz<\/u><\/h4>\n<h4 style=\"font-size: 16px;\">&nbsp;90\u00d7115<\/h4>\n<h4 style=\"font-size: 16px;\">90\u00d7190<\/h4>\n<h4 style=\"font-size: 16px;\">&nbsp;<u style=\"font-family: var( --e-global-typography-text-font-family ), Sans-serif;\">B\u00fcy\u00fcyen Be\u015fik \u00dcr\u00fcn \u00d6zellikleri<\/u><\/h4>\n<h4 style=\"font-size: 16px;\">&nbsp;-K\u00fc\u00e7\u00fck Hali: 90\u00d7115 cm<\/h4>\n<h4 style=\"font-size: 16px;\">-B\u00fcy\u00fck Hali: 90\u00d7190 cm<\/h4>\n<h4 style=\"font-size: 16px;\">-Ayak Y\u00fcksekli\u011fi: 23 cm<\/h4>\n<h4 style=\"font-size: 16px;\">-Yataktan Sonra Koruma Y\u00fcksekli\u011fi: 45 cm<\/h4>\n<h4 style=\"font-size: 16px;\">-\u0130\u00e7 Yatak Kal\u0131nl\u0131\u011f\u0131: 23 cm<\/h4>\n<h4 style=\"font-size: 16px;\">-Toplam Y\u00fckseklik: 93 cm<\/h4>\n<h4 style=\"font-size: 16px;\">&nbsp;<u style=\"font-family: var( --e-global-typography-text-font-family ), Sans-serif;\">\u00dcr\u00fcn \u00d6zellikleri<\/u><\/h4>\n<h4 style=\"font-size: 16px;\">&nbsp;-\u00dcr\u00fcnlerimizde, 1.S\u0131n\u0131f Rus \u00c7am\u0131 ve 1.S\u0131n\u0131f Mdf kullan\u0131lm\u0131\u015f olup kur\u015funsuz boya kullan\u0131lm\u0131\u015ft\u0131r.<\/h4>\n<h4 style=\"font-size: 16px;\">Bebek ile B\u00fcy\u00fcyen Be\u015fik tasar\u0131m\u0131<\/h4>\n<h4 style=\"font-size: 16px;\">-Do\u011fumdan 190 cm\u2019e kadar (yakla\u015f\u0131k 15 ya\u015f) uzun kullan\u0131m \u00f6mr\u00fc.Bebe\u011fin G\u00fcvenli\u011fi \u00f6n planda tutan tasar\u0131m ve ayr\u0131nt\u0131lar,Yuvarlat\u0131lm\u0131\u015f hatlar g\u00fcvenli\u011fe destek<\/h4>\n<h4 style=\"font-size: 16px;\">&nbsp;-Ek Par\u00e7aya Gerek Duymadan 115 den 190 cm\u2019e kadar b\u00fcy\u00fcr<\/h4>\n<h4 style=\"font-size: 16px;\">&nbsp;-Do\u011fumdan 15 ya\u015fa (190 cm max)<\/h4>\n<h4 style=\"font-size: 16px;\">-Be\u015fik \u00f6l\u00e7\u00fcleri 90\u00d7115 cm<\/h4>\n<h4 style=\"font-size: 16px;\">-Uzat\u0131ld\u0131\u011f\u0131nda 90\u00d7190 cm<\/h4>\n<div><br><\/div>\n<div><br><\/div>\n<div><br><\/div>\t\t\t\t\t\t\t\t<\/div>\n\t\t\t\t<\/div>\n\t\t\t\t\t<\/div>\n\t\t<\/div>\n\t\t\t\t\t<\/div>\n\t\t<\/section>\n\t\t\t\t<section class=\"elementor-section elementor-top-section elementor-element elementor-element-95eccae elementor-section-boxed elementor-section-height-default elementor-section-height-default\" data-id=\"95eccae\" data-element_type=\"section\" data-e-type=\"section\">\n\t\t\t\t\t\t<div class=\"elementor-container elementor-column-gap-default\">\n\t\t\t\t\t<div class=\"elementor-column elementor-col-100 elementor-top-column elementor-element elementor-element-dfb374d\" data-id=\"dfb374d\" data-element_type=\"column\" data-e-type=\"column\">\n\t\t\t<div class=\"elementor-widget-wrap elementor-element-populated\">\n\t\t\t\t\t\t<div class=\"elementor-element elementor-element-a9c50e8 elementor-widget elementor-widget-spacer\" data-id=\"a9c50e8\" data-element_type=\"widget\" data-e-type=\"widget\" data-widget_type=\"spacer.default\">\n\t\t\t\t<div class=\"elementor-widget-container\">\n\t\t\t\t\t\t\t<div class=\"elementor-spacer\">\n\t\t\t<div class=\"elementor-spacer-inner\"><\/div>\n\t\t<\/div>\n\t\t\t\t\t\t<\/div>\n\t\t\t\t<\/div>\n\t\t\t\t<div class=\"elementor-element elementor-element-7b748e9 elementor-widget elementor-widget-spacer\" data-id=\"7b748e9\" data-element_type=\"widget\" data-e-type=\"widget\" data-widget_type=\"spacer.default\">\n\t\t\t\t<div class=\"elementor-widget-container\">\n\t\t\t\t\t\t\t<div class=\"elementor-spacer\">\n\t\t\t<div class=\"elementor-spacer-inner\"><\/div>\n\t\t<\/div>\n\t\t\t\t\t\t<\/div>\n\t\t\t\t<\/div>\n\t\t\t\t<div class=\"elementor-element elementor-element-77c4d01 elementor-widget elementor-widget-spacer\" data-id=\"77c4d01\" data-element_type=\"widget\" data-e-type=\"widget\" data-widget_type=\"spacer.default\">\n\t\t\t\t<div class=\"elementor-widget-container\">\n\t\t\t\t\t\t\t<div class=\"elementor-spacer\">\n\t\t\t<div class=\"elementor-spacer-inner\"><\/div>\n\t\t<\/div>\n\t\t\t\t\t\t<\/div>\n\t\t\t\t<\/div>\n\t\t\t\t<div class=\"elementor-element elementor-element-10e4443 elementor-widget elementor-widget-spacer\" data-id=\"10e4443\" data-element_type=\"widget\" data-e-type=\"widget\" data-widget_type=\"spacer.default\">\n\t\t\t\t<div class=\"elementor-widget-container\">\n\t\t\t\t\t\t\t<div class=\"elementor-spacer\">\n\t\t\t<div class=\"elementor-spacer-inner\"><\/div>\n\t\t<\/div>\n\t\t\t\t\t\t<\/div>\n\t\t\t\t<\/div>\n\t\t\t\t<div class=\"elementor-element elementor-element-f83c1ea elementor-widget elementor-widget-spacer\" data-id=\"f83c1ea\" data-element_type=\"widget\" data-e-type=\"widget\" data-widget_type=\"spacer.default\">\n\t\t\t\t<div class=\"elementor-widget-container\">\n\t\t\t\t\t\t\t<div class=\"elementor-spacer\">\n\t\t\t<div class=\"elementor-spacer-inner\"><\/div>\n\t\t<\/div>\n\t\t\t\t\t\t<\/div>\n\t\t\t\t<\/div>\n\t\t\t\t<div class=\"elementor-element elementor-element-06ca1a9 elementor-widget elementor-widget-spacer\" data-id=\"06ca1a9\" data-element_type=\"widget\" data-e-type=\"widget\" data-widget_type=\"spacer.default\">\n\t\t\t\t<div class=\"elementor-widget-container\">\n\t\t\t\t\t\t\t<div class=\"elementor-spacer\">\n\t\t\t<div class=\"elementor-spacer-inner\"><\/div>\n\t\t<\/div>\n\t\t\t\t\t\t<\/div>\n\t\t\t\t<\/div>\n\t\t\t\t\t<\/div>\n\t\t<\/div>\n\t\t\t\t\t<\/div>\n\t\t<\/section>\n\t\t\t\t<\/div>\n\t\t","protected":false},"excerpt":{"rendered":"<p>A\u00e7\u0131klama NAK\u0130T F\u0130YAT :67.400 \u20ba TAKS\u0130TL\u0130 F\u0130YAT :79.300 \u20ba DOLAP \u00d6ZELL\u0130KLER\u0130 Y\u00fckseklik :210 cm Geni\u015flik&nbsp; &nbsp;:120 &amp; 150 cm Derinlik&nbsp; &nbsp;:50 cm&nbsp; \u00dcR\u00dcN \u00d6ZELL\u0130KLER\u0130 &nbsp;-\u00dcr\u00fcnlerimizde&nbsp;1.S\u0131n\u0131f Mdf&nbsp;Ve kur\u015fun i\u00e7ermeyen boya kullan\u0131lm\u0131\u015ft\u0131r. -T\u00fcm \u00e7ekmece raylar\u0131&nbsp;1.Kalite stoplu&nbsp;raylard\u0131r. -T\u00fcm kapak Mente\u015feleri&nbsp;1.S\u0131n\u0131f firenli&nbsp;mente\u015fedir. -Led I\u015f\u0131k istek halinde&nbsp;400 \u20ba&nbsp;Fiyat fark\u0131 eklenmektedir. -Kapak say\u0131s\u0131&nbsp;3&nbsp;adet -\u00c7ekmece say\u0131s\u0131&nbsp;2&nbsp;adet&nbsp; -Cam raf cam \u00e7ekmece mevcuttur.&nbsp; \u015e\u0130FONYER &hellip; <\/p>\n<p class=\"link-more\"><a href=\"https:\/\/sambesx.com\/index.php\/tam-oda-set-mod-1\/\" class=\"more-link\">Read more<span class=\"screen-reader-text\"> &#8220;TAM ODA SET MOD-1&#8221;<\/span><\/a><\/p>\n","protected":false},"author":1,"featured_media":0,"parent":0,"menu_order":0,"comment_status":"closed","ping_status":"closed","template":"","meta":{"inspiro_hide_title":false,"_joinchat":[],"footnotes":""},"class_list":["post-844","page","type-page","status-publish","hentry"],"_links":{"self":[{"href":"https:\/\/sambesx.com\/index.php\/wp-json\/wp\/v2\/pages\/844","targetHints":{"allow":["GET"]}}],"collection":[{"href":"https:\/\/sambesx.com\/index.php\/wp-json\/wp\/v2\/pages"}],"about":[{"href":"https:\/\/sambesx.com\/index.php\/wp-json\/wp\/v2\/types\/page"}],"author":[{"embeddable":true,"href":"https:\/\/sambesx.com\/index.php\/wp-json\/wp\/v2\/users\/1"}],"replies":[{"embeddable":true,"href":"https:\/\/sambesx.com\/index.php\/wp-json\/wp\/v2\/comments?post=844"}],"version-history":[{"count":43,"href":"https:\/\/sambesx.com\/index.php\/wp-json\/wp\/v2\/pages\/844\/revisions"}],"predecessor-version":[{"id":3972,"href":"https:\/\/sambesx.com\/index.php\/wp-json\/wp\/v2\/pages\/844\/revisions\/3972"}],"wp:attachment":[{"href":"https:\/\/sambesx.com\/index.php\/wp-json\/wp\/v2\/media?parent=844"}],"curies":[{"name":"wp","href":"https:\/\/api.w.org\/{rel}","templated":true}]}}