{"id":515,"date":"2023-06-16T19:57:42","date_gmt":"2023-06-16T16:57:42","guid":{"rendered":"https:\/\/sambesx.com\/?page_id=515"},"modified":"2025-11-30T13:12:47","modified_gmt":"2025-11-30T10:12:47","slug":"yatak-model-12","status":"publish","type":"page","link":"https:\/\/sambesx.com\/index.php\/yatak-model-12\/","title":{"rendered":"Yatak Model 12"},"content":{"rendered":"\t\t<div data-elementor-type=\"wp-page\" data-elementor-id=\"515\" class=\"elementor elementor-515\">\n\t\t\t\t\t\t<section class=\"elementor-section elementor-top-section elementor-element elementor-element-c865989 elementor-section-boxed elementor-section-height-default elementor-section-height-default\" data-id=\"c865989\" data-element_type=\"section\" data-e-type=\"section\">\n\t\t\t\t\t\t<div class=\"elementor-container elementor-column-gap-default\">\n\t\t\t\t\t<div class=\"elementor-column elementor-col-50 elementor-top-column elementor-element elementor-element-f1d9e85\" data-id=\"f1d9e85\" data-element_type=\"column\" data-e-type=\"column\">\n\t\t\t<div class=\"elementor-widget-wrap elementor-element-populated\">\n\t\t\t\t\t\t<div class=\"elementor-element elementor-element-0bd12d5 elementor-widget elementor-widget-image\" data-id=\"0bd12d5\" data-element_type=\"widget\" data-e-type=\"widget\" data-widget_type=\"image.default\">\n\t\t\t\t<div class=\"elementor-widget-container\">\n\t\t\t\t\t\t\t\t\t\t\t\t\t\t\t<img fetchpriority=\"high\" decoding=\"async\" width=\"950\" height=\"713\" src=\"https:\/\/sambesx.com\/wp-content\/uploads\/2023\/06\/1-5-1024x768.jpg\" class=\"attachment-large size-large wp-image-517\" alt=\"\" srcset=\"https:\/\/sambesx.com\/wp-content\/uploads\/2023\/06\/1-5-1024x768.jpg 1024w, https:\/\/sambesx.com\/wp-content\/uploads\/2023\/06\/1-5-300x225.jpg 300w, https:\/\/sambesx.com\/wp-content\/uploads\/2023\/06\/1-5-768x576.jpg 768w, https:\/\/sambesx.com\/wp-content\/uploads\/2023\/06\/1-5-1536x1152.jpg 1536w, https:\/\/sambesx.com\/wp-content\/uploads\/2023\/06\/1-5-2000x1500.jpg 2000w, https:\/\/sambesx.com\/wp-content\/uploads\/2023\/06\/1-5.jpg 2048w\" sizes=\"100vw\" \/>\t\t\t\t\t\t\t\t\t\t\t\t\t\t\t<\/div>\n\t\t\t\t<\/div>\n\t\t\t\t\t<\/div>\n\t\t<\/div>\n\t\t\t\t<div class=\"elementor-column elementor-col-50 elementor-top-column elementor-element elementor-element-579550f\" data-id=\"579550f\" data-element_type=\"column\" data-e-type=\"column\">\n\t\t\t<div class=\"elementor-widget-wrap elementor-element-populated\">\n\t\t\t\t\t\t<div class=\"elementor-element elementor-element-fdcfc8d elementor-widget elementor-widget-image\" data-id=\"fdcfc8d\" data-element_type=\"widget\" data-e-type=\"widget\" data-widget_type=\"image.default\">\n\t\t\t\t<div class=\"elementor-widget-container\">\n\t\t\t\t\t\t\t\t\t\t\t\t\t\t\t<img decoding=\"async\" width=\"950\" height=\"713\" src=\"https:\/\/sambesx.com\/wp-content\/uploads\/2023\/06\/2-6-1024x768.jpg\" class=\"attachment-large size-large wp-image-518\" alt=\"\" srcset=\"https:\/\/sambesx.com\/wp-content\/uploads\/2023\/06\/2-6-1024x768.jpg 1024w, https:\/\/sambesx.com\/wp-content\/uploads\/2023\/06\/2-6-300x225.jpg 300w, https:\/\/sambesx.com\/wp-content\/uploads\/2023\/06\/2-6-768x576.jpg 768w, https:\/\/sambesx.com\/wp-content\/uploads\/2023\/06\/2-6-1536x1152.jpg 1536w, https:\/\/sambesx.com\/wp-content\/uploads\/2023\/06\/2-6-2000x1500.jpg 2000w, https:\/\/sambesx.com\/wp-content\/uploads\/2023\/06\/2-6.jpg 2048w\" sizes=\"100vw\" \/>\t\t\t\t\t\t\t\t\t\t\t\t\t\t\t<\/div>\n\t\t\t\t<\/div>\n\t\t\t\t\t<\/div>\n\t\t<\/div>\n\t\t\t\t\t<\/div>\n\t\t<\/section>\n\t\t\t\t<section class=\"elementor-section elementor-top-section elementor-element elementor-element-315de89 elementor-section-boxed elementor-section-height-default elementor-section-height-default\" data-id=\"315de89\" data-element_type=\"section\" data-e-type=\"section\">\n\t\t\t\t\t\t<div class=\"elementor-container elementor-column-gap-default\">\n\t\t\t\t\t<div class=\"elementor-column elementor-col-50 elementor-top-column elementor-element elementor-element-0846d22\" data-id=\"0846d22\" data-element_type=\"column\" data-e-type=\"column\">\n\t\t\t<div class=\"elementor-widget-wrap elementor-element-populated\">\n\t\t\t\t\t\t<div class=\"elementor-element elementor-element-5359056 elementor-widget elementor-widget-image\" data-id=\"5359056\" data-element_type=\"widget\" data-e-type=\"widget\" data-widget_type=\"image.default\">\n\t\t\t\t<div class=\"elementor-widget-container\">\n\t\t\t\t\t\t\t\t\t\t\t\t\t\t\t<img decoding=\"async\" width=\"950\" height=\"713\" src=\"https:\/\/sambesx.com\/wp-content\/uploads\/2023\/06\/3-3-1024x768.jpg\" class=\"attachment-large size-large wp-image-519\" alt=\"\" srcset=\"https:\/\/sambesx.com\/wp-content\/uploads\/2023\/06\/3-3-1024x768.jpg 1024w, https:\/\/sambesx.com\/wp-content\/uploads\/2023\/06\/3-3-300x225.jpg 300w, https:\/\/sambesx.com\/wp-content\/uploads\/2023\/06\/3-3-768x576.jpg 768w, https:\/\/sambesx.com\/wp-content\/uploads\/2023\/06\/3-3-1536x1152.jpg 1536w, https:\/\/sambesx.com\/wp-content\/uploads\/2023\/06\/3-3-2000x1500.jpg 2000w, https:\/\/sambesx.com\/wp-content\/uploads\/2023\/06\/3-3.jpg 2048w\" sizes=\"100vw\" \/>\t\t\t\t\t\t\t\t\t\t\t\t\t\t\t<\/div>\n\t\t\t\t<\/div>\n\t\t\t\t\t<\/div>\n\t\t<\/div>\n\t\t\t\t<div class=\"elementor-column elementor-col-50 elementor-top-column elementor-element elementor-element-4b7aa53\" data-id=\"4b7aa53\" data-element_type=\"column\" data-e-type=\"column\">\n\t\t\t<div class=\"elementor-widget-wrap elementor-element-populated\">\n\t\t\t\t\t\t<div class=\"elementor-element elementor-element-2df070f elementor-widget elementor-widget-image\" data-id=\"2df070f\" data-element_type=\"widget\" data-e-type=\"widget\" data-widget_type=\"image.default\">\n\t\t\t\t<div class=\"elementor-widget-container\">\n\t\t\t\t\t\t\t\t\t\t\t\t\t\t\t<img loading=\"lazy\" decoding=\"async\" width=\"768\" height=\"1024\" src=\"https:\/\/sambesx.com\/wp-content\/uploads\/2023\/06\/4-4-768x1024.jpg\" class=\"attachment-large size-large wp-image-521\" alt=\"\" srcset=\"https:\/\/sambesx.com\/wp-content\/uploads\/2023\/06\/4-4-768x1024.jpg 768w, https:\/\/sambesx.com\/wp-content\/uploads\/2023\/06\/4-4-225x300.jpg 225w, https:\/\/sambesx.com\/wp-content\/uploads\/2023\/06\/4-4-1152x1536.jpg 1152w, https:\/\/sambesx.com\/wp-content\/uploads\/2023\/06\/4-4.jpg 1536w\" sizes=\"100vw\" \/>\t\t\t\t\t\t\t\t\t\t\t\t\t\t\t<\/div>\n\t\t\t\t<\/div>\n\t\t\t\t\t<\/div>\n\t\t<\/div>\n\t\t\t\t\t<\/div>\n\t\t<\/section>\n\t\t\t\t<section class=\"elementor-section elementor-top-section elementor-element elementor-element-ec0e049 elementor-section-boxed elementor-section-height-default elementor-section-height-default\" data-id=\"ec0e049\" data-element_type=\"section\" data-e-type=\"section\">\n\t\t\t\t\t\t<div class=\"elementor-container elementor-column-gap-default\">\n\t\t\t\t\t<div class=\"elementor-column elementor-col-100 elementor-top-column elementor-element elementor-element-788a481\" data-id=\"788a481\" data-element_type=\"column\" data-e-type=\"column\">\n\t\t\t<div class=\"elementor-widget-wrap elementor-element-populated\">\n\t\t\t\t\t\t<div class=\"elementor-element elementor-element-2a4f7b0 elementor-widget elementor-widget-heading\" data-id=\"2a4f7b0\" data-element_type=\"widget\" data-e-type=\"widget\" data-widget_type=\"heading.default\">\n\t\t\t\t<div class=\"elementor-widget-container\">\n\t\t\t\t\t<h2 class=\"elementor-heading-title elementor-size-default\">A\u00e7\u0131klama<\/h2>\t\t\t\t<\/div>\n\t\t\t\t<\/div>\n\t\t\t\t\t<\/div>\n\t\t<\/div>\n\t\t\t\t\t<\/div>\n\t\t<\/section>\n\t\t\t\t<section class=\"elementor-section elementor-top-section elementor-element elementor-element-242fc24 elementor-section-boxed elementor-section-height-default elementor-section-height-default\" data-id=\"242fc24\" data-element_type=\"section\" data-e-type=\"section\">\n\t\t\t\t\t\t<div class=\"elementor-container elementor-column-gap-default\">\n\t\t\t\t\t<div class=\"elementor-column elementor-col-100 elementor-top-column elementor-element elementor-element-1fe6748\" data-id=\"1fe6748\" data-element_type=\"column\" data-e-type=\"column\">\n\t\t\t<div class=\"elementor-widget-wrap elementor-element-populated\">\n\t\t\t\t\t\t<div class=\"elementor-element elementor-element-0ecab11 elementor-widget elementor-widget-heading\" data-id=\"0ecab11\" data-element_type=\"widget\" data-e-type=\"widget\" data-widget_type=\"heading.default\">\n\t\t\t\t<div class=\"elementor-widget-container\">\n\t\t\t\t\t<h2 class=\"elementor-heading-title elementor-size-medium\">NAK\u0130T F\u0130YAT :28.300 \u20ba\n<br>TAKS\u0130TL\u0130 F\u0130YAT :33.300 \u20ba<\/h2>\t\t\t\t<\/div>\n\t\t\t\t<\/div>\n\t\t\t\t\t<\/div>\n\t\t<\/div>\n\t\t\t\t\t<\/div>\n\t\t<\/section>\n\t\t\t\t<section class=\"elementor-section elementor-top-section elementor-element elementor-element-34220f2 elementor-section-boxed elementor-section-height-default elementor-section-height-default\" data-id=\"34220f2\" data-element_type=\"section\" data-e-type=\"section\">\n\t\t\t\t\t\t<div class=\"elementor-container elementor-column-gap-default\">\n\t\t\t\t\t<div class=\"elementor-column elementor-col-100 elementor-top-column elementor-element elementor-element-bc90814\" data-id=\"bc90814\" data-element_type=\"column\" data-e-type=\"column\">\n\t\t\t<div class=\"elementor-widget-wrap elementor-element-populated\">\n\t\t\t\t\t\t<div class=\"elementor-element elementor-element-5f2b609 elementor-widget elementor-widget-text-editor\" data-id=\"5f2b609\" data-element_type=\"widget\" data-e-type=\"widget\" data-widget_type=\"text-editor.default\">\n\t\t\t\t<div class=\"elementor-widget-container\">\n\t\t\t\t\t\t\t\t\t<h4><u>\u00dcr\u00fcn \u00d6l\u00e7\u00fcleri<\/u><\/h4><h4>-90&#215;190<br \/>-100&#215;200<br \/>-120&#215;200\u00a0 \u00f6l\u00e7\u00fclerinde +1000\u20ba fiyat fark\u0131 olu\u015fuyor.<\/h4><h4><u>\u00dcr\u00fcn \u00d6zellikleri<\/u><\/h4><h4>-\u00dcr\u00fcnlerimizde,1.S\u0131n\u0131f Rus \u00c7am\u0131 ve 1.S\u0131n\u0131f Mdf kullan\u0131lmaktad\u0131r.<br \/>-Kur\u015fun i\u00e7ermeyen Boya kullan\u0131lmaktad\u0131r.<br \/>-\u0130stenilen renk ve \u00f6zellikte M\u00fc\u015fteriye \u00f6zel \u00fcretilmektedir.<br \/>-\u0130\u00e7 yatak dahil de\u011fildir.<br \/>-\u00c7ekmece fiyata dahildir.<\/h4>\t\t\t\t\t\t\t\t<\/div>\n\t\t\t\t<\/div>\n\t\t\t\t\t<\/div>\n\t\t<\/div>\n\t\t\t\t\t<\/div>\n\t\t<\/section>\n\t\t\t\t<\/div>\n\t\t","protected":false},"excerpt":{"rendered":"<p>A\u00e7\u0131klama NAK\u0130T F\u0130YAT :28.300 \u20ba TAKS\u0130TL\u0130 F\u0130YAT :33.300 \u20ba \u00dcr\u00fcn \u00d6l\u00e7\u00fcleri -90&#215;190-100&#215;200-120&#215;200\u00a0 \u00f6l\u00e7\u00fclerinde +1000\u20ba fiyat fark\u0131 olu\u015fuyor. \u00dcr\u00fcn \u00d6zellikleri -\u00dcr\u00fcnlerimizde,1.S\u0131n\u0131f Rus \u00c7am\u0131 ve 1.S\u0131n\u0131f Mdf kullan\u0131lmaktad\u0131r.-Kur\u015fun i\u00e7ermeyen Boya kullan\u0131lmaktad\u0131r.-\u0130stenilen renk ve \u00f6zellikte M\u00fc\u015fteriye \u00f6zel \u00fcretilmektedir.-\u0130\u00e7 yatak dahil de\u011fildir.-\u00c7ekmece fiyata dahildir.<\/p>\n","protected":false},"author":1,"featured_media":0,"parent":0,"menu_order":0,"comment_status":"closed","ping_status":"closed","template":"","meta":{"inspiro_hide_title":false,"_joinchat":[],"footnotes":""},"class_list":["post-515","page","type-page","status-publish","hentry"],"_links":{"self":[{"href":"https:\/\/sambesx.com\/index.php\/wp-json\/wp\/v2\/pages\/515","targetHints":{"allow":["GET"]}}],"collection":[{"href":"https:\/\/sambesx.com\/index.php\/wp-json\/wp\/v2\/pages"}],"about":[{"href":"https:\/\/sambesx.com\/index.php\/wp-json\/wp\/v2\/types\/page"}],"author":[{"embeddable":true,"href":"https:\/\/sambesx.com\/index.php\/wp-json\/wp\/v2\/users\/1"}],"replies":[{"embeddable":true,"href":"https:\/\/sambesx.com\/index.php\/wp-json\/wp\/v2\/comments?post=515"}],"version-history":[{"count":54,"href":"https:\/\/sambesx.com\/index.php\/wp-json\/wp\/v2\/pages\/515\/revisions"}],"predecessor-version":[{"id":3855,"href":"https:\/\/sambesx.com\/index.php\/wp-json\/wp\/v2\/pages\/515\/revisions\/3855"}],"wp:attachment":[{"href":"https:\/\/sambesx.com\/index.php\/wp-json\/wp\/v2\/media?parent=515"}],"curies":[{"name":"wp","href":"https:\/\/api.w.org\/{rel}","templated":true}]}}