{"id":2946,"date":"2025-02-19T15:53:57","date_gmt":"2025-02-19T12:53:57","guid":{"rendered":"https:\/\/sambesx.com\/?page_id=2946"},"modified":"2025-11-30T13:34:47","modified_gmt":"2025-11-30T10:34:47","slug":"tam-oda-mod-20","status":"publish","type":"page","link":"https:\/\/sambesx.com\/index.php\/tam-oda-mod-20\/","title":{"rendered":"tam-oda-mod-20"},"content":{"rendered":"\t\t<div data-elementor-type=\"wp-page\" data-elementor-id=\"2946\" class=\"elementor elementor-2946\">\n\t\t\t\t\t\t<section class=\"elementor-section elementor-top-section elementor-element elementor-element-16fed0d elementor-section-boxed elementor-section-height-default elementor-section-height-default\" data-id=\"16fed0d\" data-element_type=\"section\" data-e-type=\"section\">\n\t\t\t\t\t\t<div class=\"elementor-container elementor-column-gap-default\">\n\t\t\t\t\t<div class=\"elementor-column elementor-col-50 elementor-top-column elementor-element elementor-element-1ac6ca9\" data-id=\"1ac6ca9\" data-element_type=\"column\" data-e-type=\"column\">\n\t\t\t<div class=\"elementor-widget-wrap elementor-element-populated\">\n\t\t\t\t\t\t<div class=\"elementor-element elementor-element-c8426ee elementor-widget elementor-widget-image\" data-id=\"c8426ee\" data-element_type=\"widget\" data-e-type=\"widget\" data-widget_type=\"image.default\">\n\t\t\t\t<div class=\"elementor-widget-container\">\n\t\t\t\t\t\t\t\t\t\t\t\t\t\t\t<img fetchpriority=\"high\" decoding=\"async\" width=\"768\" height=\"1024\" src=\"https:\/\/sambesx.com\/wp-content\/uploads\/2025\/02\/IMG_9285-768x1024.jpeg\" class=\"attachment-large size-large wp-image-2981\" alt=\"\" srcset=\"https:\/\/sambesx.com\/wp-content\/uploads\/2025\/02\/IMG_9285-768x1024.jpeg 768w, https:\/\/sambesx.com\/wp-content\/uploads\/2025\/02\/IMG_9285-225x300.jpeg 225w, https:\/\/sambesx.com\/wp-content\/uploads\/2025\/02\/IMG_9285-1152x1536.jpeg 1152w, https:\/\/sambesx.com\/wp-content\/uploads\/2025\/02\/IMG_9285.jpeg 1536w\" sizes=\"100vw\" \/>\t\t\t\t\t\t\t\t\t\t\t\t\t\t\t<\/div>\n\t\t\t\t<\/div>\n\t\t\t\t\t<\/div>\n\t\t<\/div>\n\t\t\t\t<div class=\"elementor-column elementor-col-50 elementor-top-column elementor-element elementor-element-d0eab85\" data-id=\"d0eab85\" data-element_type=\"column\" data-e-type=\"column\">\n\t\t\t<div class=\"elementor-widget-wrap elementor-element-populated\">\n\t\t\t\t\t\t<div class=\"elementor-element elementor-element-ca22e23 elementor-widget elementor-widget-image\" data-id=\"ca22e23\" data-element_type=\"widget\" data-e-type=\"widget\" data-widget_type=\"image.default\">\n\t\t\t\t<div class=\"elementor-widget-container\">\n\t\t\t\t\t\t\t\t\t\t\t\t\t\t\t<img decoding=\"async\" width=\"768\" height=\"1024\" src=\"https:\/\/sambesx.com\/wp-content\/uploads\/2025\/02\/IMG_9282-768x1024.jpeg\" class=\"attachment-large size-large wp-image-2980\" alt=\"\" srcset=\"https:\/\/sambesx.com\/wp-content\/uploads\/2025\/02\/IMG_9282-768x1024.jpeg 768w, https:\/\/sambesx.com\/wp-content\/uploads\/2025\/02\/IMG_9282-225x300.jpeg 225w, https:\/\/sambesx.com\/wp-content\/uploads\/2025\/02\/IMG_9282-1152x1536.jpeg 1152w, https:\/\/sambesx.com\/wp-content\/uploads\/2025\/02\/IMG_9282.jpeg 1536w\" sizes=\"100vw\" \/>\t\t\t\t\t\t\t\t\t\t\t\t\t\t\t<\/div>\n\t\t\t\t<\/div>\n\t\t\t\t\t<\/div>\n\t\t<\/div>\n\t\t\t\t\t<\/div>\n\t\t<\/section>\n\t\t\t\t<section class=\"elementor-section elementor-top-section elementor-element elementor-element-2573e75 elementor-section-boxed elementor-section-height-default elementor-section-height-default\" data-id=\"2573e75\" data-element_type=\"section\" data-e-type=\"section\">\n\t\t\t\t\t\t<div class=\"elementor-container elementor-column-gap-default\">\n\t\t\t\t\t<div class=\"elementor-column elementor-col-50 elementor-top-column elementor-element elementor-element-119e92d\" data-id=\"119e92d\" data-element_type=\"column\" data-e-type=\"column\">\n\t\t\t<div class=\"elementor-widget-wrap elementor-element-populated\">\n\t\t\t\t\t\t<div class=\"elementor-element elementor-element-da7a2f3 elementor-widget elementor-widget-image\" data-id=\"da7a2f3\" data-element_type=\"widget\" data-e-type=\"widget\" data-widget_type=\"image.default\">\n\t\t\t\t<div class=\"elementor-widget-container\">\n\t\t\t\t\t\t\t\t\t\t\t\t\t\t\t<img decoding=\"async\" width=\"768\" height=\"1024\" src=\"https:\/\/sambesx.com\/wp-content\/uploads\/2025\/02\/IMG_9277-768x1024.jpeg\" class=\"attachment-large size-large wp-image-2978\" alt=\"\" srcset=\"https:\/\/sambesx.com\/wp-content\/uploads\/2025\/02\/IMG_9277-768x1024.jpeg 768w, https:\/\/sambesx.com\/wp-content\/uploads\/2025\/02\/IMG_9277-225x300.jpeg 225w, https:\/\/sambesx.com\/wp-content\/uploads\/2025\/02\/IMG_9277-1152x1536.jpeg 1152w, https:\/\/sambesx.com\/wp-content\/uploads\/2025\/02\/IMG_9277.jpeg 1536w\" sizes=\"100vw\" \/>\t\t\t\t\t\t\t\t\t\t\t\t\t\t\t<\/div>\n\t\t\t\t<\/div>\n\t\t\t\t\t<\/div>\n\t\t<\/div>\n\t\t\t\t<div class=\"elementor-column elementor-col-50 elementor-top-column elementor-element elementor-element-d248e01\" data-id=\"d248e01\" data-element_type=\"column\" data-e-type=\"column\">\n\t\t\t<div class=\"elementor-widget-wrap elementor-element-populated\">\n\t\t\t\t\t\t<div class=\"elementor-element elementor-element-b5fc646 elementor-widget elementor-widget-image\" data-id=\"b5fc646\" data-element_type=\"widget\" data-e-type=\"widget\" data-widget_type=\"image.default\">\n\t\t\t\t<div class=\"elementor-widget-container\">\n\t\t\t\t\t\t\t\t\t\t\t\t\t\t\t<img loading=\"lazy\" decoding=\"async\" width=\"768\" height=\"1024\" src=\"https:\/\/sambesx.com\/wp-content\/uploads\/2025\/02\/IMG_9265-768x1024.jpeg\" class=\"attachment-large size-large wp-image-2974\" alt=\"\" srcset=\"https:\/\/sambesx.com\/wp-content\/uploads\/2025\/02\/IMG_9265-768x1024.jpeg 768w, https:\/\/sambesx.com\/wp-content\/uploads\/2025\/02\/IMG_9265-225x300.jpeg 225w, https:\/\/sambesx.com\/wp-content\/uploads\/2025\/02\/IMG_9265-1152x1536.jpeg 1152w, https:\/\/sambesx.com\/wp-content\/uploads\/2025\/02\/IMG_9265.jpeg 1536w\" sizes=\"100vw\" \/>\t\t\t\t\t\t\t\t\t\t\t\t\t\t\t<\/div>\n\t\t\t\t<\/div>\n\t\t\t\t\t<\/div>\n\t\t<\/div>\n\t\t\t\t\t<\/div>\n\t\t<\/section>\n\t\t\t\t<section class=\"elementor-section elementor-top-section elementor-element elementor-element-31de267 elementor-section-boxed elementor-section-height-default elementor-section-height-default\" data-id=\"31de267\" data-element_type=\"section\" data-e-type=\"section\">\n\t\t\t\t\t\t<div class=\"elementor-container elementor-column-gap-default\">\n\t\t\t\t\t<div class=\"elementor-column elementor-col-50 elementor-top-column elementor-element elementor-element-c5aede5\" data-id=\"c5aede5\" data-element_type=\"column\" data-e-type=\"column\">\n\t\t\t<div class=\"elementor-widget-wrap elementor-element-populated\">\n\t\t\t\t\t\t<div class=\"elementor-element elementor-element-25d6049 elementor-widget elementor-widget-image\" data-id=\"25d6049\" data-element_type=\"widget\" data-e-type=\"widget\" data-widget_type=\"image.default\">\n\t\t\t\t<div class=\"elementor-widget-container\">\n\t\t\t\t\t\t\t\t\t\t\t\t\t\t\t<img loading=\"lazy\" decoding=\"async\" width=\"768\" height=\"1024\" src=\"https:\/\/sambesx.com\/wp-content\/uploads\/2025\/02\/IMG_9266-768x1024.jpeg\" class=\"attachment-large size-large wp-image-2975\" alt=\"\" srcset=\"https:\/\/sambesx.com\/wp-content\/uploads\/2025\/02\/IMG_9266-768x1024.jpeg 768w, https:\/\/sambesx.com\/wp-content\/uploads\/2025\/02\/IMG_9266-225x300.jpeg 225w, https:\/\/sambesx.com\/wp-content\/uploads\/2025\/02\/IMG_9266-1152x1536.jpeg 1152w, https:\/\/sambesx.com\/wp-content\/uploads\/2025\/02\/IMG_9266.jpeg 1536w\" sizes=\"100vw\" \/>\t\t\t\t\t\t\t\t\t\t\t\t\t\t\t<\/div>\n\t\t\t\t<\/div>\n\t\t\t\t\t<\/div>\n\t\t<\/div>\n\t\t\t\t<div class=\"elementor-column elementor-col-50 elementor-top-column elementor-element elementor-element-3965a3f\" data-id=\"3965a3f\" data-element_type=\"column\" data-e-type=\"column\">\n\t\t\t<div class=\"elementor-widget-wrap elementor-element-populated\">\n\t\t\t\t\t\t<div class=\"elementor-element elementor-element-c893623 elementor-widget elementor-widget-image\" data-id=\"c893623\" data-element_type=\"widget\" data-e-type=\"widget\" data-widget_type=\"image.default\">\n\t\t\t\t<div class=\"elementor-widget-container\">\n\t\t\t\t\t\t\t\t\t\t\t\t\t\t\t<img loading=\"lazy\" decoding=\"async\" width=\"768\" height=\"1024\" src=\"https:\/\/sambesx.com\/wp-content\/uploads\/2025\/02\/IMG_9267-768x1024.jpeg\" class=\"attachment-large size-large wp-image-2976\" alt=\"\" srcset=\"https:\/\/sambesx.com\/wp-content\/uploads\/2025\/02\/IMG_9267-768x1024.jpeg 768w, https:\/\/sambesx.com\/wp-content\/uploads\/2025\/02\/IMG_9267-225x300.jpeg 225w, https:\/\/sambesx.com\/wp-content\/uploads\/2025\/02\/IMG_9267-1152x1536.jpeg 1152w, https:\/\/sambesx.com\/wp-content\/uploads\/2025\/02\/IMG_9267.jpeg 1536w\" sizes=\"100vw\" \/>\t\t\t\t\t\t\t\t\t\t\t\t\t\t\t<\/div>\n\t\t\t\t<\/div>\n\t\t\t\t\t<\/div>\n\t\t<\/div>\n\t\t\t\t\t<\/div>\n\t\t<\/section>\n\t\t\t\t<section class=\"elementor-section elementor-top-section elementor-element elementor-element-5cf2c18 elementor-section-boxed elementor-section-height-default elementor-section-height-default\" data-id=\"5cf2c18\" data-element_type=\"section\" data-e-type=\"section\">\n\t\t\t\t\t\t<div class=\"elementor-container elementor-column-gap-default\">\n\t\t\t\t\t<div class=\"elementor-column elementor-col-50 elementor-top-column elementor-element elementor-element-93a511a\" data-id=\"93a511a\" data-element_type=\"column\" data-e-type=\"column\">\n\t\t\t<div class=\"elementor-widget-wrap elementor-element-populated\">\n\t\t\t\t\t\t<div class=\"elementor-element elementor-element-b3aba8b elementor-widget elementor-widget-image\" data-id=\"b3aba8b\" data-element_type=\"widget\" data-e-type=\"widget\" data-widget_type=\"image.default\">\n\t\t\t\t<div class=\"elementor-widget-container\">\n\t\t\t\t\t\t\t\t\t\t\t\t\t\t\t<img loading=\"lazy\" decoding=\"async\" width=\"768\" height=\"1024\" src=\"https:\/\/sambesx.com\/wp-content\/uploads\/2025\/02\/IMG_9270-768x1024.jpeg\" class=\"attachment-large size-large wp-image-2977\" alt=\"\" srcset=\"https:\/\/sambesx.com\/wp-content\/uploads\/2025\/02\/IMG_9270-768x1024.jpeg 768w, https:\/\/sambesx.com\/wp-content\/uploads\/2025\/02\/IMG_9270-225x300.jpeg 225w, https:\/\/sambesx.com\/wp-content\/uploads\/2025\/02\/IMG_9270-1152x1536.jpeg 1152w, https:\/\/sambesx.com\/wp-content\/uploads\/2025\/02\/IMG_9270.jpeg 1536w\" sizes=\"100vw\" \/>\t\t\t\t\t\t\t\t\t\t\t\t\t\t\t<\/div>\n\t\t\t\t<\/div>\n\t\t\t\t\t<\/div>\n\t\t<\/div>\n\t\t\t\t<div class=\"elementor-column elementor-col-50 elementor-top-column elementor-element elementor-element-91c2363\" data-id=\"91c2363\" data-element_type=\"column\" data-e-type=\"column\">\n\t\t\t<div class=\"elementor-widget-wrap elementor-element-populated\">\n\t\t\t\t\t\t<div class=\"elementor-element elementor-element-94f5f9a elementor-widget elementor-widget-image\" data-id=\"94f5f9a\" data-element_type=\"widget\" data-e-type=\"widget\" data-widget_type=\"image.default\">\n\t\t\t\t<div class=\"elementor-widget-container\">\n\t\t\t\t\t\t\t\t\t\t\t\t\t\t\t<img loading=\"lazy\" decoding=\"async\" width=\"768\" height=\"1024\" src=\"https:\/\/sambesx.com\/wp-content\/uploads\/2025\/02\/IMG_9289-768x1024.jpeg\" class=\"attachment-large size-large wp-image-2982\" alt=\"\" srcset=\"https:\/\/sambesx.com\/wp-content\/uploads\/2025\/02\/IMG_9289-768x1024.jpeg 768w, https:\/\/sambesx.com\/wp-content\/uploads\/2025\/02\/IMG_9289-225x300.jpeg 225w, https:\/\/sambesx.com\/wp-content\/uploads\/2025\/02\/IMG_9289-1152x1536.jpeg 1152w, https:\/\/sambesx.com\/wp-content\/uploads\/2025\/02\/IMG_9289.jpeg 1536w\" sizes=\"100vw\" \/>\t\t\t\t\t\t\t\t\t\t\t\t\t\t\t<\/div>\n\t\t\t\t<\/div>\n\t\t\t\t\t<\/div>\n\t\t<\/div>\n\t\t\t\t\t<\/div>\n\t\t<\/section>\n\t\t\t\t<section class=\"elementor-section elementor-top-section elementor-element elementor-element-ba5757e elementor-section-boxed elementor-section-height-default elementor-section-height-default\" data-id=\"ba5757e\" data-element_type=\"section\" data-e-type=\"section\">\n\t\t\t\t\t\t<div class=\"elementor-container elementor-column-gap-default\">\n\t\t\t\t\t<div class=\"elementor-column elementor-col-100 elementor-top-column elementor-element elementor-element-5fd2f72\" data-id=\"5fd2f72\" data-element_type=\"column\" data-e-type=\"column\">\n\t\t\t<div class=\"elementor-widget-wrap elementor-element-populated\">\n\t\t\t\t\t\t<div class=\"elementor-element elementor-element-b1c01e3 elementor-widget elementor-widget-heading\" data-id=\"b1c01e3\" data-element_type=\"widget\" data-e-type=\"widget\" data-widget_type=\"heading.default\">\n\t\t\t\t<div class=\"elementor-widget-container\">\n\t\t\t\t\t<h2 class=\"elementor-heading-title elementor-size-small\">NAK\u0130T F\u0130YAT :75.500 \u20ba \n<br>TAKS\u0130TL\u0130 F\u0130YAT :88.800 \u20ba<\/h2>\t\t\t\t<\/div>\n\t\t\t\t<\/div>\n\t\t\t\t\t<\/div>\n\t\t<\/div>\n\t\t\t\t\t<\/div>\n\t\t<\/section>\n\t\t\t\t<section class=\"elementor-section elementor-top-section elementor-element elementor-element-a7ad2fa elementor-section-boxed elementor-section-height-default elementor-section-height-default\" data-id=\"a7ad2fa\" data-element_type=\"section\" data-e-type=\"section\">\n\t\t\t\t\t\t<div class=\"elementor-container elementor-column-gap-default\">\n\t\t\t\t\t<div class=\"elementor-column elementor-col-100 elementor-top-column elementor-element elementor-element-0db6090\" data-id=\"0db6090\" data-element_type=\"column\" data-e-type=\"column\">\n\t\t\t<div class=\"elementor-widget-wrap elementor-element-populated\">\n\t\t\t\t\t\t<div class=\"elementor-element elementor-element-95a6ba5 elementor-widget elementor-widget-text-editor\" data-id=\"95a6ba5\" data-element_type=\"widget\" data-e-type=\"widget\" data-widget_type=\"text-editor.default\">\n\t\t\t\t<div class=\"elementor-widget-container\">\n\t\t\t\t\t\t\t\t\t<h3><u>DOLAP \u00d6ZELL\u0130KLER\u0130<\/u><\/h3><h3>Y\u00fckseklik :210 cm\u00a0<\/h3><h4>Geni\u015flik\u00a0 \u00a0:120 &amp; 150 cm<\/h4><h4>Derinlik\u00a0 \u00a0:50 cm<\/h4><h4>\u00a0<u>\u00dcr\u00fcn \u00d6zellikleri<\/u><\/h4><h4>\u00a0-\u00dcr\u00fcnlerimizde\u00a0<u>1.S\u0131n\u0131f Mdf\u00a0<\/u>Ve kur\u015fun i\u00e7ermeyen boya kullan\u0131lm\u0131\u015ft\u0131r.<\/h4><h4>-T\u00fcm \u00e7ekmece raylar\u0131\u00a0<u>1.Kalite stoplu\u00a0<\/u>raylard\u0131r.<\/h4><h4>-T\u00fcm kapak Mente\u015feleri\u00a0<u>1.S\u0131n\u0131f firenli<\/u>\u00a0mente\u015fedir.<\/h4><h4>-Led I\u015f\u0131k istek halinde\u00a0<u>400 \u20ba<\/u>\u00a0Fiyat fark\u0131 eklenmektedir.<\/h4><h4>-Kapak say\u0131s\u0131\u00a0<u>3<\/u>\u00a0adet<\/h4><h4>-\u00c7ekmece say\u0131s\u0131\u00a0<u>2<\/u>\u00a0adet<\/h4><h4>-Cam raf cam \u00e7ekmece mevcuttur.\u00a0<\/h4><h4><u>\u00a0<\/u><\/h4><h4><u>\u015e\u0130FONYER \u00d6ZELL\u0130KLER\u0130\u00a0<\/u><\/h4><h4><u>\u00dcr\u00fcn \u00d6l\u00e7\u00fcleri<\/u><\/h4><h4>-120\u00d795<\/h4><h4><u>\u00dcr\u00fcn \u00d6zellikleri<\/u><\/h4><h4>Y\u00fckseklik:95 cm<br \/>Geni\u015flik:110 &#8211; 120 cm<br \/>Derinlik:50 cm<br \/>\u00c7ekmece Say\u0131s\u0131: 6 Adet<\/h4><h4>-\u00dcr\u00fcnlerimizde,<u>18mm\u00a0<\/u>Kal\u0131nl\u0131\u011f\u0131nda\u00a0<u>Mdf\u00a0<\/u>ve Kur\u015funsuz boya kullan\u0131lm\u0131\u015ft\u0131r.<br \/>-\u00c7ekmece raylar\u0131 1.Kalite stoplu raylard\u0131r.\u00a0<\/h4><h4><u>\u00a0<\/u><\/h4><h4><u>YATAK \u00d6ZELL\u0130KLER\u0130\u00a0<\/u><\/h4><h4><u>\u00dcr\u00fcn \u00d6l\u00e7\u00fcleri<\/u><\/h4><h4>-90\u00d7190<br \/>-100\u00d7200<\/h4><h4><u>\u00dcr\u00fcn \u00d6zellikleri<\/u><\/h4><h4>-\u00dcr\u00fcnlerimizde,1.s\u0131n\u0131f mdf ve\u00a0<u>1.S\u0131n\u0131f Rus \u00c7am\u0131<\/u>\u00a0kullan\u0131lmaktad\u0131r.<br \/>-Kur\u015fun i\u00e7ermeyen Boya kullan\u0131lmaktad\u0131r.<br \/>-\u0130stenilen renk ve \u00f6zellikte M\u00fc\u015fteriye \u00f6zel \u00fcretilmektedir.<br \/>-\u0130\u00e7 yatak dahil de\u011fildir.<\/h4><div><h4>-Nakliye Fiyata Dahildir.<\/h4><\/div>\t\t\t\t\t\t\t\t<\/div>\n\t\t\t\t<\/div>\n\t\t\t\t\t<\/div>\n\t\t<\/div>\n\t\t\t\t\t<\/div>\n\t\t<\/section>\n\t\t\t\t<\/div>\n\t\t","protected":false},"excerpt":{"rendered":"<p>NAK\u0130T F\u0130YAT :75.500 \u20ba TAKS\u0130TL\u0130 F\u0130YAT :88.800 \u20ba DOLAP \u00d6ZELL\u0130KLER\u0130 Y\u00fckseklik :210 cm\u00a0 Geni\u015flik\u00a0 \u00a0:120 &amp; 150 cm Derinlik\u00a0 \u00a0:50 cm \u00a0\u00dcr\u00fcn \u00d6zellikleri \u00a0-\u00dcr\u00fcnlerimizde\u00a01.S\u0131n\u0131f Mdf\u00a0Ve kur\u015fun i\u00e7ermeyen boya kullan\u0131lm\u0131\u015ft\u0131r. -T\u00fcm \u00e7ekmece raylar\u0131\u00a01.Kalite stoplu\u00a0raylard\u0131r. -T\u00fcm kapak Mente\u015feleri\u00a01.S\u0131n\u0131f firenli\u00a0mente\u015fedir. -Led I\u015f\u0131k istek halinde\u00a0400 \u20ba\u00a0Fiyat fark\u0131 eklenmektedir. -Kapak say\u0131s\u0131\u00a03\u00a0adet -\u00c7ekmece say\u0131s\u0131\u00a02\u00a0adet -Cam raf cam \u00e7ekmece mevcuttur.\u00a0 \u00a0 \u015e\u0130FONYER &hellip; <\/p>\n<p class=\"link-more\"><a href=\"https:\/\/sambesx.com\/index.php\/tam-oda-mod-20\/\" class=\"more-link\">Read more<span class=\"screen-reader-text\"> &#8220;tam-oda-mod-20&#8221;<\/span><\/a><\/p>\n","protected":false},"author":1,"featured_media":0,"parent":0,"menu_order":0,"comment_status":"closed","ping_status":"closed","template":"","meta":{"inspiro_hide_title":false,"_joinchat":[],"footnotes":""},"class_list":["post-2946","page","type-page","status-publish","hentry"],"_links":{"self":[{"href":"https:\/\/sambesx.com\/index.php\/wp-json\/wp\/v2\/pages\/2946","targetHints":{"allow":["GET"]}}],"collection":[{"href":"https:\/\/sambesx.com\/index.php\/wp-json\/wp\/v2\/pages"}],"about":[{"href":"https:\/\/sambesx.com\/index.php\/wp-json\/wp\/v2\/types\/page"}],"author":[{"embeddable":true,"href":"https:\/\/sambesx.com\/index.php\/wp-json\/wp\/v2\/users\/1"}],"replies":[{"embeddable":true,"href":"https:\/\/sambesx.com\/index.php\/wp-json\/wp\/v2\/comments?post=2946"}],"version-history":[{"count":12,"href":"https:\/\/sambesx.com\/index.php\/wp-json\/wp\/v2\/pages\/2946\/revisions"}],"predecessor-version":[{"id":3906,"href":"https:\/\/sambesx.com\/index.php\/wp-json\/wp\/v2\/pages\/2946\/revisions\/3906"}],"wp:attachment":[{"href":"https:\/\/sambesx.com\/index.php\/wp-json\/wp\/v2\/media?parent=2946"}],"curies":[{"name":"wp","href":"https:\/\/api.w.org\/{rel}","templated":true}]}}