{"id":2341,"date":"2024-03-15T13:22:00","date_gmt":"2024-03-15T10:22:00","guid":{"rendered":"https:\/\/sambesx.com\/?page_id=2341"},"modified":"2025-11-30T13:37:32","modified_gmt":"2025-11-30T10:37:32","slug":"tam-oda-set-mod-17","status":"publish","type":"page","link":"https:\/\/sambesx.com\/index.php\/tam-oda-set-mod-17\/","title":{"rendered":"Tam Oda Set Mod 17"},"content":{"rendered":"\t\t<div data-elementor-type=\"wp-page\" data-elementor-id=\"2341\" class=\"elementor elementor-2341\">\n\t\t\t\t\t\t<section class=\"elementor-section elementor-top-section elementor-element elementor-element-c7657ed elementor-section-boxed elementor-section-height-default elementor-section-height-default\" data-id=\"c7657ed\" data-element_type=\"section\" data-e-type=\"section\">\n\t\t\t\t\t\t<div class=\"elementor-container elementor-column-gap-default\">\n\t\t\t\t\t<div class=\"elementor-column elementor-col-50 elementor-top-column elementor-element elementor-element-0b3fd6e\" data-id=\"0b3fd6e\" data-element_type=\"column\" data-e-type=\"column\">\n\t\t\t<div class=\"elementor-widget-wrap elementor-element-populated\">\n\t\t\t\t\t\t<div class=\"elementor-element elementor-element-4869638 elementor-widget elementor-widget-image\" data-id=\"4869638\" data-element_type=\"widget\" data-e-type=\"widget\" data-widget_type=\"image.default\">\n\t\t\t\t<div class=\"elementor-widget-container\">\n\t\t\t\t\t\t\t\t\t\t\t\t\t\t\t<img fetchpriority=\"high\" decoding=\"async\" width=\"768\" height=\"1024\" src=\"https:\/\/sambesx.com\/wp-content\/uploads\/2024\/03\/IMG_6750-768x1024.jpeg\" class=\"attachment-large size-large wp-image-2319\" alt=\"\" srcset=\"https:\/\/sambesx.com\/wp-content\/uploads\/2024\/03\/IMG_6750-768x1024.jpeg 768w, https:\/\/sambesx.com\/wp-content\/uploads\/2024\/03\/IMG_6750-225x300.jpeg 225w, https:\/\/sambesx.com\/wp-content\/uploads\/2024\/03\/IMG_6750-1152x1536.jpeg 1152w, https:\/\/sambesx.com\/wp-content\/uploads\/2024\/03\/IMG_6750.jpeg 1536w\" sizes=\"100vw\" \/>\t\t\t\t\t\t\t\t\t\t\t\t\t\t\t<\/div>\n\t\t\t\t<\/div>\n\t\t\t\t\t<\/div>\n\t\t<\/div>\n\t\t\t\t<div class=\"elementor-column elementor-col-50 elementor-top-column elementor-element elementor-element-7aa03bd\" data-id=\"7aa03bd\" data-element_type=\"column\" data-e-type=\"column\">\n\t\t\t<div class=\"elementor-widget-wrap elementor-element-populated\">\n\t\t\t\t\t\t<div class=\"elementor-element elementor-element-74013a1 elementor-widget elementor-widget-image\" data-id=\"74013a1\" data-element_type=\"widget\" data-e-type=\"widget\" data-widget_type=\"image.default\">\n\t\t\t\t<div class=\"elementor-widget-container\">\n\t\t\t\t\t\t\t\t\t\t\t\t\t\t\t<img decoding=\"async\" width=\"768\" height=\"1024\" src=\"https:\/\/sambesx.com\/wp-content\/uploads\/2024\/03\/IMG_6751-768x1024.jpeg\" class=\"attachment-large size-large wp-image-2320\" alt=\"\" srcset=\"https:\/\/sambesx.com\/wp-content\/uploads\/2024\/03\/IMG_6751-768x1024.jpeg 768w, https:\/\/sambesx.com\/wp-content\/uploads\/2024\/03\/IMG_6751-225x300.jpeg 225w, https:\/\/sambesx.com\/wp-content\/uploads\/2024\/03\/IMG_6751-1152x1536.jpeg 1152w, https:\/\/sambesx.com\/wp-content\/uploads\/2024\/03\/IMG_6751.jpeg 1536w\" sizes=\"100vw\" \/>\t\t\t\t\t\t\t\t\t\t\t\t\t\t\t<\/div>\n\t\t\t\t<\/div>\n\t\t\t\t\t<\/div>\n\t\t<\/div>\n\t\t\t\t\t<\/div>\n\t\t<\/section>\n\t\t\t\t<section class=\"elementor-section elementor-top-section elementor-element elementor-element-56e0094 elementor-section-boxed elementor-section-height-default elementor-section-height-default\" data-id=\"56e0094\" data-element_type=\"section\" data-e-type=\"section\">\n\t\t\t\t\t\t<div class=\"elementor-container elementor-column-gap-default\">\n\t\t\t\t\t<div class=\"elementor-column elementor-col-50 elementor-top-column elementor-element elementor-element-e82cc26\" data-id=\"e82cc26\" data-element_type=\"column\" data-e-type=\"column\">\n\t\t\t<div class=\"elementor-widget-wrap elementor-element-populated\">\n\t\t\t\t\t\t<div class=\"elementor-element elementor-element-603b139 elementor-widget elementor-widget-image\" data-id=\"603b139\" data-element_type=\"widget\" data-e-type=\"widget\" data-widget_type=\"image.default\">\n\t\t\t\t<div class=\"elementor-widget-container\">\n\t\t\t\t\t\t\t\t\t\t\t\t\t\t\t<img decoding=\"async\" width=\"768\" height=\"1024\" src=\"https:\/\/sambesx.com\/wp-content\/uploads\/2024\/03\/IMG_6752-768x1024.jpeg\" class=\"attachment-large size-large wp-image-2321\" alt=\"\" srcset=\"https:\/\/sambesx.com\/wp-content\/uploads\/2024\/03\/IMG_6752-768x1024.jpeg 768w, https:\/\/sambesx.com\/wp-content\/uploads\/2024\/03\/IMG_6752-225x300.jpeg 225w, https:\/\/sambesx.com\/wp-content\/uploads\/2024\/03\/IMG_6752-1152x1536.jpeg 1152w, https:\/\/sambesx.com\/wp-content\/uploads\/2024\/03\/IMG_6752.jpeg 1536w\" sizes=\"100vw\" \/>\t\t\t\t\t\t\t\t\t\t\t\t\t\t\t<\/div>\n\t\t\t\t<\/div>\n\t\t\t\t\t<\/div>\n\t\t<\/div>\n\t\t\t\t<div class=\"elementor-column elementor-col-50 elementor-top-column elementor-element elementor-element-5c481dd\" data-id=\"5c481dd\" data-element_type=\"column\" data-e-type=\"column\">\n\t\t\t<div class=\"elementor-widget-wrap elementor-element-populated\">\n\t\t\t\t\t\t<div class=\"elementor-element elementor-element-a758301 elementor-widget elementor-widget-image\" data-id=\"a758301\" data-element_type=\"widget\" data-e-type=\"widget\" data-widget_type=\"image.default\">\n\t\t\t\t<div class=\"elementor-widget-container\">\n\t\t\t\t\t\t\t\t\t\t\t\t\t\t\t<img loading=\"lazy\" decoding=\"async\" width=\"768\" height=\"1024\" src=\"https:\/\/sambesx.com\/wp-content\/uploads\/2024\/03\/IMG_6753-768x1024.jpeg\" class=\"attachment-large size-large wp-image-2322\" alt=\"\" srcset=\"https:\/\/sambesx.com\/wp-content\/uploads\/2024\/03\/IMG_6753-768x1024.jpeg 768w, https:\/\/sambesx.com\/wp-content\/uploads\/2024\/03\/IMG_6753-225x300.jpeg 225w, https:\/\/sambesx.com\/wp-content\/uploads\/2024\/03\/IMG_6753-1152x1536.jpeg 1152w, https:\/\/sambesx.com\/wp-content\/uploads\/2024\/03\/IMG_6753.jpeg 1536w\" sizes=\"100vw\" \/>\t\t\t\t\t\t\t\t\t\t\t\t\t\t\t<\/div>\n\t\t\t\t<\/div>\n\t\t\t\t\t<\/div>\n\t\t<\/div>\n\t\t\t\t\t<\/div>\n\t\t<\/section>\n\t\t\t\t<section class=\"elementor-section elementor-top-section elementor-element elementor-element-105291c elementor-section-boxed elementor-section-height-default elementor-section-height-default\" data-id=\"105291c\" data-element_type=\"section\" data-e-type=\"section\">\n\t\t\t\t\t\t<div class=\"elementor-container elementor-column-gap-default\">\n\t\t\t\t\t<div class=\"elementor-column elementor-col-50 elementor-top-column elementor-element elementor-element-566893d\" data-id=\"566893d\" data-element_type=\"column\" data-e-type=\"column\">\n\t\t\t<div class=\"elementor-widget-wrap elementor-element-populated\">\n\t\t\t\t\t\t<div class=\"elementor-element elementor-element-72c65fa elementor-widget elementor-widget-image\" data-id=\"72c65fa\" data-element_type=\"widget\" data-e-type=\"widget\" data-widget_type=\"image.default\">\n\t\t\t\t<div class=\"elementor-widget-container\">\n\t\t\t\t\t\t\t\t\t\t\t\t\t\t\t<img loading=\"lazy\" decoding=\"async\" width=\"768\" height=\"1024\" src=\"https:\/\/sambesx.com\/wp-content\/uploads\/2024\/03\/IMG_6755-768x1024.jpeg\" class=\"attachment-large size-large wp-image-2324\" alt=\"\" srcset=\"https:\/\/sambesx.com\/wp-content\/uploads\/2024\/03\/IMG_6755-768x1024.jpeg 768w, https:\/\/sambesx.com\/wp-content\/uploads\/2024\/03\/IMG_6755-225x300.jpeg 225w, https:\/\/sambesx.com\/wp-content\/uploads\/2024\/03\/IMG_6755-1152x1536.jpeg 1152w, https:\/\/sambesx.com\/wp-content\/uploads\/2024\/03\/IMG_6755.jpeg 1536w\" sizes=\"100vw\" \/>\t\t\t\t\t\t\t\t\t\t\t\t\t\t\t<\/div>\n\t\t\t\t<\/div>\n\t\t\t\t\t<\/div>\n\t\t<\/div>\n\t\t\t\t<div class=\"elementor-column elementor-col-50 elementor-top-column elementor-element elementor-element-23b9aa1\" data-id=\"23b9aa1\" data-element_type=\"column\" data-e-type=\"column\">\n\t\t\t<div class=\"elementor-widget-wrap elementor-element-populated\">\n\t\t\t\t\t\t<div class=\"elementor-element elementor-element-615b68b elementor-widget elementor-widget-image\" data-id=\"615b68b\" data-element_type=\"widget\" data-e-type=\"widget\" data-widget_type=\"image.default\">\n\t\t\t\t<div class=\"elementor-widget-container\">\n\t\t\t\t\t\t\t\t\t\t\t\t\t\t\t<img loading=\"lazy\" decoding=\"async\" width=\"768\" height=\"1024\" src=\"https:\/\/sambesx.com\/wp-content\/uploads\/2024\/03\/IMG_6749-768x1024.jpeg\" class=\"attachment-large size-large wp-image-2318\" alt=\"\" srcset=\"https:\/\/sambesx.com\/wp-content\/uploads\/2024\/03\/IMG_6749-768x1024.jpeg 768w, https:\/\/sambesx.com\/wp-content\/uploads\/2024\/03\/IMG_6749-225x300.jpeg 225w, https:\/\/sambesx.com\/wp-content\/uploads\/2024\/03\/IMG_6749-1152x1536.jpeg 1152w, https:\/\/sambesx.com\/wp-content\/uploads\/2024\/03\/IMG_6749.jpeg 1536w\" sizes=\"100vw\" \/>\t\t\t\t\t\t\t\t\t\t\t\t\t\t\t<\/div>\n\t\t\t\t<\/div>\n\t\t\t\t\t<\/div>\n\t\t<\/div>\n\t\t\t\t\t<\/div>\n\t\t<\/section>\n\t\t\t\t<section class=\"elementor-section elementor-top-section elementor-element elementor-element-0940c2a elementor-section-boxed elementor-section-height-default elementor-section-height-default\" data-id=\"0940c2a\" data-element_type=\"section\" data-e-type=\"section\">\n\t\t\t\t\t\t<div class=\"elementor-container elementor-column-gap-default\">\n\t\t\t\t\t<div class=\"elementor-column elementor-col-50 elementor-top-column elementor-element elementor-element-ff76291\" data-id=\"ff76291\" data-element_type=\"column\" data-e-type=\"column\">\n\t\t\t<div class=\"elementor-widget-wrap elementor-element-populated\">\n\t\t\t\t\t\t<div class=\"elementor-element elementor-element-b0b581a elementor-widget elementor-widget-image\" data-id=\"b0b581a\" data-element_type=\"widget\" data-e-type=\"widget\" data-widget_type=\"image.default\">\n\t\t\t\t<div class=\"elementor-widget-container\">\n\t\t\t\t\t\t\t\t\t\t\t\t\t\t\t<img loading=\"lazy\" decoding=\"async\" width=\"768\" height=\"1024\" src=\"https:\/\/sambesx.com\/wp-content\/uploads\/2024\/03\/IMG_6756-768x1024.jpeg\" class=\"attachment-large size-large wp-image-2325\" alt=\"\" srcset=\"https:\/\/sambesx.com\/wp-content\/uploads\/2024\/03\/IMG_6756-768x1024.jpeg 768w, https:\/\/sambesx.com\/wp-content\/uploads\/2024\/03\/IMG_6756-225x300.jpeg 225w, https:\/\/sambesx.com\/wp-content\/uploads\/2024\/03\/IMG_6756-1152x1536.jpeg 1152w, https:\/\/sambesx.com\/wp-content\/uploads\/2024\/03\/IMG_6756.jpeg 1536w\" sizes=\"100vw\" \/>\t\t\t\t\t\t\t\t\t\t\t\t\t\t\t<\/div>\n\t\t\t\t<\/div>\n\t\t\t\t\t<\/div>\n\t\t<\/div>\n\t\t\t\t<div class=\"elementor-column elementor-col-50 elementor-top-column elementor-element elementor-element-977b1da\" data-id=\"977b1da\" data-element_type=\"column\" data-e-type=\"column\">\n\t\t\t<div class=\"elementor-widget-wrap\">\n\t\t\t\t\t\t\t<\/div>\n\t\t<\/div>\n\t\t\t\t\t<\/div>\n\t\t<\/section>\n\t\t\t\t<section class=\"elementor-section elementor-top-section elementor-element elementor-element-7729986 elementor-section-boxed elementor-section-height-default elementor-section-height-default\" data-id=\"7729986\" data-element_type=\"section\" data-e-type=\"section\">\n\t\t\t\t\t\t<div class=\"elementor-container elementor-column-gap-default\">\n\t\t\t\t\t<div class=\"elementor-column elementor-col-100 elementor-top-column elementor-element elementor-element-ff3e4c4\" data-id=\"ff3e4c4\" data-element_type=\"column\" data-e-type=\"column\">\n\t\t\t<div class=\"elementor-widget-wrap elementor-element-populated\">\n\t\t\t\t\t\t<div class=\"elementor-element elementor-element-4debd69 elementor-widget__width-initial elementor-widget elementor-widget-heading\" data-id=\"4debd69\" data-element_type=\"widget\" data-e-type=\"widget\" data-widget_type=\"heading.default\">\n\t\t\t\t<div class=\"elementor-widget-container\">\n\t\t\t\t\t<h2 class=\"elementor-heading-title elementor-size-default\">NAK\u0130T F\u0130YAT :84.800 \u20ba \n<br>TAKS\u0130TL\u0130 F\u0130YAT :99.800 \u20ba<\/h2>\t\t\t\t<\/div>\n\t\t\t\t<\/div>\n\t\t\t\t\t<\/div>\n\t\t<\/div>\n\t\t\t\t\t<\/div>\n\t\t<\/section>\n\t\t\t\t<section class=\"elementor-section elementor-top-section elementor-element elementor-element-681e547 elementor-section-boxed elementor-section-height-default elementor-section-height-default\" data-id=\"681e547\" data-element_type=\"section\" data-e-type=\"section\">\n\t\t\t\t\t\t<div class=\"elementor-container elementor-column-gap-default\">\n\t\t\t\t\t<div class=\"elementor-column elementor-col-100 elementor-top-column elementor-element elementor-element-661f1b4\" data-id=\"661f1b4\" data-element_type=\"column\" data-e-type=\"column\">\n\t\t\t<div class=\"elementor-widget-wrap elementor-element-populated\">\n\t\t\t\t\t\t<div class=\"elementor-element elementor-element-33c1937 elementor-widget elementor-widget-text-editor\" data-id=\"33c1937\" data-element_type=\"widget\" data-e-type=\"widget\" data-widget_type=\"text-editor.default\">\n\t\t\t\t<div class=\"elementor-widget-container\">\n\t\t\t\t\t\t\t\t\t<h3 style=\"padding-top: 0.625em;\"><u>DOLAP \u00d6ZELL\u0130KLER\u0130<\/u><\/h3><h3>Y\u00fckseklik : 210 cm\u00a0<\/h3><h4 style=\"font-size: 16px;\">Geni\u015flik\u00a0 \u00a0:160 &amp; 200 cm<\/h4><h4 style=\"font-size: 16px;\">Derinlik\u00a0 \u00a0:50 cm<\/h4><h4 style=\"font-size: 16px;\">\u00a0<u>\u00dcr\u00fcn \u00d6zellikleri<\/u><\/h4><h4 style=\"font-size: 16px;\">\u00a0-\u00dcr\u00fcnlerimizde\u00a0<u>1.S\u0131n\u0131f Mdf\u00a0<\/u>Ve kur\u015fun i\u00e7ermeyen boya kullan\u0131lm\u0131\u015ft\u0131r.<\/h4><h4 style=\"font-size: 16px;\">-T\u00fcm \u00e7ekmece raylar\u0131\u00a0<u>1.Kalite stoplu\u00a0<\/u>raylard\u0131r.<\/h4><h4 style=\"font-size: 16px;\">-T\u00fcm kapak Mente\u015feleri\u00a0<u>1.S\u0131n\u0131f firenli<\/u>\u00a0mente\u015fedir.<\/h4><h4 style=\"font-size: 16px;\">-Led I\u015f\u0131k istek halinde\u00a0<u>400 \u20ba<\/u>\u00a0Fiyat fark\u0131 eklenmektedir.<\/h4><h4 style=\"font-size: 16px;\">-Kapak say\u0131s\u0131\u00a0<u>4<\/u>\u00a0adet<\/h4><h4 style=\"font-size: 16px;\">-\u00c7ekmece say\u0131s\u0131\u00a0<u>3<\/u>\u00a0adet<\/h4><h4 style=\"font-size: 16px;\">-Cam raf cam \u00e7ekmece mevcuttur.\u00a0<\/h4><h4 style=\"font-size: 16px;\"><u>\u00a0<\/u><\/h4><h4 style=\"font-size: 16px;\"><u>\u015e\u0130FONYER \u00d6ZELL\u0130KLER\u0130\u00a0<\/u><\/h4><h4 style=\"font-size: 16px;\"><u>\u00dcr\u00fcn \u00d6l\u00e7\u00fcleri<\/u><\/h4><h4 style=\"font-size: 16px;\">-120\u00d795<\/h4><h4 style=\"font-size: 16px;\"><u>\u00dcr\u00fcn \u00d6zellikleri<\/u><\/h4><h4 style=\"font-size: 16px;\">Y\u00fckseklik:95 cm<br \/>Geni\u015flik:120 cm<br \/>Derinlik:50 cm<br \/>\u00c7ekmece Say\u0131s\u0131: 6 Adet<\/h4><h4 style=\"font-size: 16px;\">-\u00dcr\u00fcnlerimizde,<u>18mm\u00a0<\/u>Kal\u0131nl\u0131\u011f\u0131nda 1.s\u0131n\u0131f\u00a0<u>Mdf\u00a0<\/u>ve Kur\u015funsuz boya kullan\u0131lm\u0131\u015ft\u0131r.<br \/>-\u00c7ekmece raylar\u0131 1.Kalite stoplu raylard\u0131r.\u00a0<\/h4><h4 style=\"font-size: 16px;\"><u>\u00a0<\/u><\/h4><h4 style=\"font-size: 16px;\"><u>YATAK \u00d6ZELL\u0130KLER\u0130\u00a0<\/u><\/h4><h4 style=\"font-size: 16px;\"><u>\u00dcr\u00fcn \u00d6l\u00e7\u00fcleri<\/u><\/h4><h4 style=\"font-size: 16px;\">-90\u00d7190<br \/>-100\u00d7200<\/h4><h4 style=\"font-size: 16px;\"><u>\u00dcr\u00fcn \u00d6zellikleri<\/u>\u00a0<\/h4><h4 style=\"font-size: 16px;\">-\u00dcr\u00fcnlerimizde,<u>1.S\u0131n\u0131f Mdf ve 1.S\u0131n\u0131f Rus \u00c7am\u0131<\/u>\u00a0kullan\u0131lmaktad\u0131r.<br \/>-Kur\u015fun i\u00e7ermeyen Boya kullan\u0131lmaktad\u0131r. Kullan\u0131lan Boya \u00e7ocuk sa\u011fl\u0131\u011f\u0131 \u00f6n planda tutularak se\u00e7ilmi\u015f 1.s\u0131n\u0131f antibakteriyel poli\u00fcretan lake boyad\u0131r.<br \/>-\u0130stenilen renk ve \u00f6zellikte M\u00fc\u015fteriye \u00f6zel \u00fcretilmektedir.<br \/>-\u0130\u00e7 yatak Fiyata dahil de\u011fildir.<\/h4><div><h4>-Nakliye Fiyata Dahildir.<\/h4><\/div>\t\t\t\t\t\t\t\t<\/div>\n\t\t\t\t<\/div>\n\t\t\t\t\t<\/div>\n\t\t<\/div>\n\t\t\t\t\t<\/div>\n\t\t<\/section>\n\t\t\t\t<\/div>\n\t\t","protected":false},"excerpt":{"rendered":"<p>NAK\u0130T F\u0130YAT :84.800 \u20ba TAKS\u0130TL\u0130 F\u0130YAT :99.800 \u20ba DOLAP \u00d6ZELL\u0130KLER\u0130 Y\u00fckseklik : 210 cm\u00a0 Geni\u015flik\u00a0 \u00a0:160 &amp; 200 cm Derinlik\u00a0 \u00a0:50 cm \u00a0\u00dcr\u00fcn \u00d6zellikleri \u00a0-\u00dcr\u00fcnlerimizde\u00a01.S\u0131n\u0131f Mdf\u00a0Ve kur\u015fun i\u00e7ermeyen boya kullan\u0131lm\u0131\u015ft\u0131r. -T\u00fcm \u00e7ekmece raylar\u0131\u00a01.Kalite stoplu\u00a0raylard\u0131r. -T\u00fcm kapak Mente\u015feleri\u00a01.S\u0131n\u0131f firenli\u00a0mente\u015fedir. -Led I\u015f\u0131k istek halinde\u00a0400 \u20ba\u00a0Fiyat fark\u0131 eklenmektedir. -Kapak say\u0131s\u0131\u00a04\u00a0adet -\u00c7ekmece say\u0131s\u0131\u00a03\u00a0adet -Cam raf cam \u00e7ekmece mevcuttur.\u00a0 \u00a0 &hellip; <\/p>\n<p class=\"link-more\"><a href=\"https:\/\/sambesx.com\/index.php\/tam-oda-set-mod-17\/\" class=\"more-link\">Read more<span class=\"screen-reader-text\"> &#8220;Tam Oda Set Mod 17&#8221;<\/span><\/a><\/p>\n","protected":false},"author":1,"featured_media":0,"parent":0,"menu_order":0,"comment_status":"closed","ping_status":"closed","template":"","meta":{"inspiro_hide_title":false,"_joinchat":[],"footnotes":""},"class_list":["post-2341","page","type-page","status-publish","hentry"],"_links":{"self":[{"href":"https:\/\/sambesx.com\/index.php\/wp-json\/wp\/v2\/pages\/2341","targetHints":{"allow":["GET"]}}],"collection":[{"href":"https:\/\/sambesx.com\/index.php\/wp-json\/wp\/v2\/pages"}],"about":[{"href":"https:\/\/sambesx.com\/index.php\/wp-json\/wp\/v2\/types\/page"}],"author":[{"embeddable":true,"href":"https:\/\/sambesx.com\/index.php\/wp-json\/wp\/v2\/users\/1"}],"replies":[{"embeddable":true,"href":"https:\/\/sambesx.com\/index.php\/wp-json\/wp\/v2\/comments?post=2341"}],"version-history":[{"count":18,"href":"https:\/\/sambesx.com\/index.php\/wp-json\/wp\/v2\/pages\/2341\/revisions"}],"predecessor-version":[{"id":3921,"href":"https:\/\/sambesx.com\/index.php\/wp-json\/wp\/v2\/pages\/2341\/revisions\/3921"}],"wp:attachment":[{"href":"https:\/\/sambesx.com\/index.php\/wp-json\/wp\/v2\/media?parent=2341"}],"curies":[{"name":"wp","href":"https:\/\/api.w.org\/{rel}","templated":true}]}}