{"id":2160,"date":"2024-02-09T13:31:19","date_gmt":"2024-02-09T10:31:19","guid":{"rendered":"https:\/\/sambesx.com\/?page_id=2160"},"modified":"2025-11-30T11:00:57","modified_gmt":"2025-11-30T08:00:57","slug":"model-15","status":"publish","type":"page","link":"https:\/\/sambesx.com\/index.php\/model-15\/","title":{"rendered":"model-15"},"content":{"rendered":"\t\t<div data-elementor-type=\"wp-page\" data-elementor-id=\"2160\" class=\"elementor elementor-2160\">\n\t\t\t\t\t\t<section class=\"elementor-section elementor-top-section elementor-element elementor-element-93843db elementor-section-boxed elementor-section-height-default elementor-section-height-default\" data-id=\"93843db\" data-element_type=\"section\" data-e-type=\"section\">\n\t\t\t\t\t\t<div class=\"elementor-container elementor-column-gap-default\">\n\t\t\t\t\t<div class=\"elementor-column elementor-col-50 elementor-top-column elementor-element elementor-element-f818d0c\" data-id=\"f818d0c\" data-element_type=\"column\" data-e-type=\"column\">\n\t\t\t<div class=\"elementor-widget-wrap elementor-element-populated\">\n\t\t\t\t\t\t<div class=\"elementor-element elementor-element-68efdf9 elementor-widget elementor-widget-image\" data-id=\"68efdf9\" data-element_type=\"widget\" data-e-type=\"widget\" data-widget_type=\"image.default\">\n\t\t\t\t<div class=\"elementor-widget-container\">\n\t\t\t\t\t\t\t\t\t\t\t\t\t\t\t<img fetchpriority=\"high\" decoding=\"async\" width=\"768\" height=\"1024\" src=\"https:\/\/sambesx.com\/wp-content\/uploads\/2024\/02\/596c39b3-b1aa-4564-9d99-c10b4df2a794-768x1024.jpg\" class=\"attachment-large size-large wp-image-2092\" alt=\"\" srcset=\"https:\/\/sambesx.com\/wp-content\/uploads\/2024\/02\/596c39b3-b1aa-4564-9d99-c10b4df2a794-768x1024.jpg 768w, https:\/\/sambesx.com\/wp-content\/uploads\/2024\/02\/596c39b3-b1aa-4564-9d99-c10b4df2a794-225x300.jpg 225w, https:\/\/sambesx.com\/wp-content\/uploads\/2024\/02\/596c39b3-b1aa-4564-9d99-c10b4df2a794-1152x1536.jpg 1152w, https:\/\/sambesx.com\/wp-content\/uploads\/2024\/02\/596c39b3-b1aa-4564-9d99-c10b4df2a794.jpg 1536w\" sizes=\"100vw\" \/>\t\t\t\t\t\t\t\t\t\t\t\t\t\t\t<\/div>\n\t\t\t\t<\/div>\n\t\t\t\t\t<\/div>\n\t\t<\/div>\n\t\t\t\t<div class=\"elementor-column elementor-col-50 elementor-top-column elementor-element elementor-element-394c723\" data-id=\"394c723\" data-element_type=\"column\" data-e-type=\"column\">\n\t\t\t<div class=\"elementor-widget-wrap elementor-element-populated\">\n\t\t\t\t\t\t<div class=\"elementor-element elementor-element-4c41fc2 elementor-widget elementor-widget-image\" data-id=\"4c41fc2\" data-element_type=\"widget\" data-e-type=\"widget\" data-widget_type=\"image.default\">\n\t\t\t\t<div class=\"elementor-widget-container\">\n\t\t\t\t\t\t\t\t\t\t\t\t\t\t\t<img decoding=\"async\" width=\"768\" height=\"1024\" src=\"https:\/\/sambesx.com\/wp-content\/uploads\/2024\/02\/c97f2159-1d26-4710-b2aa-a29379da7e97-768x1024.jpg\" class=\"attachment-large size-large wp-image-2106\" alt=\"\" srcset=\"https:\/\/sambesx.com\/wp-content\/uploads\/2024\/02\/c97f2159-1d26-4710-b2aa-a29379da7e97-768x1024.jpg 768w, https:\/\/sambesx.com\/wp-content\/uploads\/2024\/02\/c97f2159-1d26-4710-b2aa-a29379da7e97-225x300.jpg 225w, https:\/\/sambesx.com\/wp-content\/uploads\/2024\/02\/c97f2159-1d26-4710-b2aa-a29379da7e97-1152x1536.jpg 1152w, https:\/\/sambesx.com\/wp-content\/uploads\/2024\/02\/c97f2159-1d26-4710-b2aa-a29379da7e97.jpg 1200w\" sizes=\"100vw\" \/>\t\t\t\t\t\t\t\t\t\t\t\t\t\t\t<\/div>\n\t\t\t\t<\/div>\n\t\t\t\t\t<\/div>\n\t\t<\/div>\n\t\t\t\t\t<\/div>\n\t\t<\/section>\n\t\t\t\t<section class=\"elementor-section elementor-top-section elementor-element elementor-element-c4a6605 elementor-section-boxed elementor-section-height-default elementor-section-height-default\" data-id=\"c4a6605\" data-element_type=\"section\" data-e-type=\"section\">\n\t\t\t\t\t\t<div class=\"elementor-container elementor-column-gap-default\">\n\t\t\t\t\t<div class=\"elementor-column elementor-col-50 elementor-top-column elementor-element elementor-element-dafced9\" data-id=\"dafced9\" data-element_type=\"column\" data-e-type=\"column\">\n\t\t\t<div class=\"elementor-widget-wrap elementor-element-populated\">\n\t\t\t\t\t\t<div class=\"elementor-element elementor-element-d328870 elementor-widget elementor-widget-image\" data-id=\"d328870\" data-element_type=\"widget\" data-e-type=\"widget\" data-widget_type=\"image.default\">\n\t\t\t\t<div class=\"elementor-widget-container\">\n\t\t\t\t\t\t\t\t\t\t\t\t\t\t\t<img decoding=\"async\" width=\"768\" height=\"1024\" src=\"https:\/\/sambesx.com\/wp-content\/uploads\/2024\/02\/6b690afe-1cb2-476d-84c6-fda44309cb3d-768x1024.jpg\" class=\"attachment-large size-large wp-image-2087\" alt=\"\" srcset=\"https:\/\/sambesx.com\/wp-content\/uploads\/2024\/02\/6b690afe-1cb2-476d-84c6-fda44309cb3d-768x1024.jpg 768w, https:\/\/sambesx.com\/wp-content\/uploads\/2024\/02\/6b690afe-1cb2-476d-84c6-fda44309cb3d-225x300.jpg 225w, https:\/\/sambesx.com\/wp-content\/uploads\/2024\/02\/6b690afe-1cb2-476d-84c6-fda44309cb3d-1152x1536.jpg 1152w, https:\/\/sambesx.com\/wp-content\/uploads\/2024\/02\/6b690afe-1cb2-476d-84c6-fda44309cb3d.jpg 1200w\" sizes=\"100vw\" \/>\t\t\t\t\t\t\t\t\t\t\t\t\t\t\t<\/div>\n\t\t\t\t<\/div>\n\t\t\t\t\t<\/div>\n\t\t<\/div>\n\t\t\t\t<div class=\"elementor-column elementor-col-50 elementor-top-column elementor-element elementor-element-e2769d5\" data-id=\"e2769d5\" data-element_type=\"column\" data-e-type=\"column\">\n\t\t\t<div class=\"elementor-widget-wrap\">\n\t\t\t\t\t\t\t<\/div>\n\t\t<\/div>\n\t\t\t\t\t<\/div>\n\t\t<\/section>\n\t\t\t\t<section class=\"elementor-section elementor-top-section elementor-element elementor-element-fbb0f9b elementor-section-boxed elementor-section-height-default elementor-section-height-default\" data-id=\"fbb0f9b\" data-element_type=\"section\" data-e-type=\"section\">\n\t\t\t\t\t\t<div class=\"elementor-container elementor-column-gap-default\">\n\t\t\t\t\t<div class=\"elementor-column elementor-col-100 elementor-top-column elementor-element elementor-element-139e7ef\" data-id=\"139e7ef\" data-element_type=\"column\" data-e-type=\"column\">\n\t\t\t<div class=\"elementor-widget-wrap elementor-element-populated\">\n\t\t\t\t\t\t<div class=\"elementor-element elementor-element-951ada2 elementor-widget elementor-widget-heading\" data-id=\"951ada2\" data-element_type=\"widget\" data-e-type=\"widget\" data-widget_type=\"heading.default\">\n\t\t\t\t<div class=\"elementor-widget-container\">\n\t\t\t\t\t<h2 class=\"elementor-heading-title elementor-size-default\">TAKS\u0130TL\u0130 F\u0130YATI : 37.000\u20ba\n\n<br>NAK\u0130T F\u0130YATI : 31.500\u20ba<\/h2>\t\t\t\t<\/div>\n\t\t\t\t<\/div>\n\t\t\t\t\t<\/div>\n\t\t<\/div>\n\t\t\t\t\t<\/div>\n\t\t<\/section>\n\t\t\t\t<section class=\"elementor-section elementor-top-section elementor-element elementor-element-a23b68a elementor-section-boxed elementor-section-height-default elementor-section-height-default\" data-id=\"a23b68a\" data-element_type=\"section\" data-e-type=\"section\">\n\t\t\t\t\t\t<div class=\"elementor-container elementor-column-gap-default\">\n\t\t\t\t\t<div class=\"elementor-column elementor-col-100 elementor-top-column elementor-element elementor-element-3dabc11\" data-id=\"3dabc11\" data-element_type=\"column\" data-e-type=\"column\">\n\t\t\t<div class=\"elementor-widget-wrap elementor-element-populated\">\n\t\t\t\t\t\t<div class=\"elementor-element elementor-element-0cffe8c elementor-widget elementor-widget-text-editor\" data-id=\"0cffe8c\" data-element_type=\"widget\" data-e-type=\"widget\" data-widget_type=\"text-editor.default\">\n\t\t\t\t<div class=\"elementor-widget-container\">\n\t\t\t\t\t\t\t\t\t<h3 style=\"padding-top: 0.625em;\"><u>\u00dcr\u00fcn \u00d6l\u00e7\u00fcleri;<\/u><\/h3><h5>Y\u00fckseklik :210 cm<\/h5><h4 style=\"font-size: 16px;\">Geni\u015flik&nbsp; &nbsp;:120-130-140-150&nbsp; cm<\/h4><h4 style=\"font-size: 16px;\">Derinlik&nbsp; &nbsp;:50 cm<\/h4><h3><u>\u00dcr\u00fcn \u00d6zellikleri<\/u><\/h3><h4 style=\"font-size: 16px;\">-\u00dcr\u00fcnlerimizde 18mm&nbsp;<u>1.S\u0131n\u0131f Mdf&nbsp;v<\/u>e kur\u015fun i\u00e7ermeyen Lake boya kullan\u0131lm\u0131\u015ft\u0131r.<p><\/p><p>-i\u00e7 ve d\u0131\u015f olmak \u00fczere tamam\u0131 boyal\u0131d\u0131r.<\/p><p>-Kullan\u0131lan Boya \u00e7ocuk sa\u011fl\u0131\u011f\u0131 \u00f6n planda tutularak se\u00e7ilmi\u015f 1.s\u0131n\u0131f Poli\u00fcretan Lake Boyad\u0131r.<\/p><p>-Kapak ve \u00c7ekmecelerinde 1.s\u0131n\u0131f frenli ray, mente\u015fe sistemi mevcuttur.<\/p><\/h4><h4 style=\"font-size: 16px;\">-Kapak say\u0131s\u0131&nbsp;<u>3<\/u>&nbsp;adet<\/h4><h4 style=\"font-size: 16px;\">-\u00c7ekmece say\u0131s\u0131 3 adet<\/h4><h4 style=\"font-size: 16px;\">-Nakliye Fiyata Dahildir.<br><br>-T\u00fcrkiye&#8217;nin her iline nakliye hizmetimiz vard\u0131r.<\/h4>\t\t\t\t\t\t\t\t<\/div>\n\t\t\t\t<\/div>\n\t\t\t\t\t<\/div>\n\t\t<\/div>\n\t\t\t\t\t<\/div>\n\t\t<\/section>\n\t\t\t\t<\/div>\n\t\t","protected":false},"excerpt":{"rendered":"<p>TAKS\u0130TL\u0130 F\u0130YATI : 37.000\u20ba NAK\u0130T F\u0130YATI : 31.500\u20ba \u00dcr\u00fcn \u00d6l\u00e7\u00fcleri; Y\u00fckseklik :210 cm Geni\u015flik&nbsp; &nbsp;:120-130-140-150&nbsp; cm Derinlik&nbsp; &nbsp;:50 cm \u00dcr\u00fcn \u00d6zellikleri -\u00dcr\u00fcnlerimizde 18mm&nbsp;1.S\u0131n\u0131f Mdf&nbsp;ve kur\u015fun i\u00e7ermeyen Lake boya kullan\u0131lm\u0131\u015ft\u0131r. -i\u00e7 ve d\u0131\u015f olmak \u00fczere tamam\u0131 boyal\u0131d\u0131r. -Kullan\u0131lan Boya \u00e7ocuk sa\u011fl\u0131\u011f\u0131 \u00f6n planda tutularak se\u00e7ilmi\u015f 1.s\u0131n\u0131f Poli\u00fcretan Lake Boyad\u0131r. -Kapak ve \u00c7ekmecelerinde 1.s\u0131n\u0131f frenli ray, mente\u015fe &hellip; <\/p>\n<p class=\"link-more\"><a href=\"https:\/\/sambesx.com\/index.php\/model-15\/\" class=\"more-link\">Read more<span class=\"screen-reader-text\"> &#8220;model-15&#8221;<\/span><\/a><\/p>\n","protected":false},"author":1,"featured_media":0,"parent":0,"menu_order":0,"comment_status":"closed","ping_status":"closed","template":"","meta":{"inspiro_hide_title":false,"_joinchat":[],"footnotes":""},"class_list":["post-2160","page","type-page","status-publish","hentry"],"_links":{"self":[{"href":"https:\/\/sambesx.com\/index.php\/wp-json\/wp\/v2\/pages\/2160","targetHints":{"allow":["GET"]}}],"collection":[{"href":"https:\/\/sambesx.com\/index.php\/wp-json\/wp\/v2\/pages"}],"about":[{"href":"https:\/\/sambesx.com\/index.php\/wp-json\/wp\/v2\/types\/page"}],"author":[{"embeddable":true,"href":"https:\/\/sambesx.com\/index.php\/wp-json\/wp\/v2\/users\/1"}],"replies":[{"embeddable":true,"href":"https:\/\/sambesx.com\/index.php\/wp-json\/wp\/v2\/comments?post=2160"}],"version-history":[{"count":37,"href":"https:\/\/sambesx.com\/index.php\/wp-json\/wp\/v2\/pages\/2160\/revisions"}],"predecessor-version":[{"id":3783,"href":"https:\/\/sambesx.com\/index.php\/wp-json\/wp\/v2\/pages\/2160\/revisions\/3783"}],"wp:attachment":[{"href":"https:\/\/sambesx.com\/index.php\/wp-json\/wp\/v2\/media?parent=2160"}],"curies":[{"name":"wp","href":"https:\/\/api.w.org\/{rel}","templated":true}]}}